CRAN Package Check Results for Package SLTCA

Last updated on 2023-09-22 08:55:59 CEST.

Flavor Version Tinstall Tcheck Ttotal Status Flags
r-devel-linux-x86_64-debian-clang 0.1.0 4.26 45.18 49.44 NOTE
r-devel-linux-x86_64-debian-gcc 0.1.0 3.00 33.52 36.52 NOTE
r-devel-linux-x86_64-fedora-clang 0.1.0 63.87 NOTE
r-devel-linux-x86_64-fedora-gcc 0.1.0 63.39 NOTE
r-devel-windows-x86_64 0.1.0 4.00 53.00 57.00 NOTE
r-patched-linux-x86_64 0.1.0 4.17 43.10 47.27 NOTE
r-release-linux-x86_64 0.1.0 2.93 43.64 46.57 NOTE
r-release-macos-arm64 0.1.0 24.00 NOTE
r-release-macos-x86_64 0.1.0 34.00 NOTE
r-release-windows-x86_64 0.1.0 6.00 57.00 63.00 NOTE
r-oldrel-macos-arm64 0.1.0 21.00 NOTE
r-oldrel-macos-x86_64 0.1.0 34.00 NOTE
r-oldrel-windows-x86_64 0.1.0 6.00 60.00 66.00 NOTE

Check Details

Version: 0.1.0
Check: LazyData
Result: NOTE
     'LazyData' is specified without a 'data' directory
Flavors: r-devel-linux-x86_64-debian-clang, r-devel-linux-x86_64-debian-gcc, r-devel-linux-x86_64-fedora-clang, r-devel-linux-x86_64-fedora-gcc, r-devel-windows-x86_64, r-patched-linux-x86_64, r-release-linux-x86_64, r-release-macos-arm64, r-release-macos-x86_64, r-release-windows-x86_64, r-oldrel-macos-arm64, r-oldrel-macos-x86_64, r-oldrel-windows-x86_64