Last updated on 2024-04-20 07:56:25 CEST.
Flavor | Version | Tinstall | Tcheck | Ttotal | Status | Flags |
---|---|---|---|---|---|---|
r-devel-linux-x86_64-debian-clang | 1.1.0 | 57.48 | 72.11 | 129.59 | OK | |
r-devel-linux-x86_64-debian-gcc | 1.1.0 | 44.39 | 53.73 | 98.12 | OK | |
r-devel-linux-x86_64-fedora-clang | 1.1.0 | 182.31 | OK | |||
r-devel-linux-x86_64-fedora-gcc | 1.1.0 | 203.35 | NOTE | |||
r-prerel-macos-arm64 | 1.1.0 | 80.00 | OK | |||
r-prerel-windows-x86_64 | 1.1.0 | 45.00 | 91.00 | 136.00 | OK | |
r-patched-linux-x86_64 | 1.1.0 | 54.64 | 67.52 | 122.16 | OK | |
r-release-linux-x86_64 | 1.1.0 | 50.60 | 65.80 | 116.40 | OK | |
r-release-macos-arm64 | 1.1.0 | 88.00 | OK | |||
r-release-macos-x86_64 | 1.1.0 | 141.00 | OK | |||
r-release-windows-x86_64 | 1.1.0 | 52.00 | 114.00 | 166.00 | OK | |
r-oldrel-macos-arm64 | 1.1.0 | 77.00 | OK | |||
r-oldrel-windows-x86_64 | 1.1.0 | 54.00 | 111.00 | 165.00 | OK |
Version: 1.1.0
Check: for detritus in the temp directory
Result: NOTE
Found the following files/directories:
‘Crashpad’
Flavor: r-devel-linux-x86_64-fedora-gcc