Last updated on 2023-05-29 20:00:35 CEST.
Flavor | Version | Tinstall | Tcheck | Ttotal | Status | Flags |
---|---|---|---|---|---|---|
r-devel-linux-x86_64-debian-clang | 1.4.1 | 33.11 | 510.16 | 543.27 | OK | |
r-devel-linux-x86_64-debian-gcc | 1.4.1 | 27.07 | 390.13 | 417.20 | OK | |
r-devel-linux-x86_64-fedora-clang | 1.4.1 | 676.70 | OK | |||
r-devel-linux-x86_64-fedora-gcc | 1.4.1 | 716.50 | OK | |||
r-devel-windows-x86_64 | 1.4.1 | 29.00 | 359.00 | 388.00 | OK | |
r-patched-linux-x86_64 | 1.4.1 | 28.31 | 494.40 | 522.71 | OK | |
r-release-linux-x86_64 | 1.4.1 | 28.06 | 489.42 | 517.48 | OK | |
r-release-macos-arm64 | 1.4.1 | 6.00 | ERROR | |||
r-release-macos-x86_64 | 1.4.1 | 6.00 | ERROR | |||
r-release-windows-x86_64 | 1.4.1 | 38.00 | 481.00 | 519.00 | OK | |
r-oldrel-macos-arm64 | 1.4.1 | 130.00 | OK | |||
r-oldrel-macos-x86_64 | 1.4.1 | 262.00 | OK | |||
r-oldrel-windows-x86_64 | 1.4.1 | 49.00 | 511.00 | 560.00 | OK |
Version: 1.4.1
Check: package dependencies
Result: ERROR
Packages required but not available: 'HTSSIP', 'phyloseq'
See section ‘The DESCRIPTION file’ in the ‘Writing R Extensions’
manual.
Flavors: r-release-macos-arm64, r-release-macos-x86_64