Last updated on 2024-04-25 08:00:07 CEST.
Flavor | Version | Tinstall | Tcheck | Ttotal | Status | Flags |
---|---|---|---|---|---|---|
r-devel-linux-x86_64-debian-clang | 0.3.0 | 15.74 | 541.69 | 557.43 | NOTE | |
r-devel-linux-x86_64-debian-gcc | 0.3.0 | 9.74 | 438.55 | 448.29 | NOTE | |
r-devel-linux-x86_64-fedora-clang | 0.3.0 | 706.21 | NOTE | |||
r-devel-linux-x86_64-fedora-gcc | 0.3.0 | 793.21 | NOTE | |||
r-devel-windows-x86_64 | 0.3.0 | 12.00 | 385.00 | 397.00 | NOTE | |
r-patched-linux-x86_64 | 0.3.0 | 20.89 | 543.59 | 564.48 | NOTE | |
r-release-linux-x86_64 | 0.3.0 | 14.98 | 545.32 | 560.30 | OK | |
r-release-macos-arm64 | 0.3.0 | 294.00 | NOTE | |||
r-release-windows-x86_64 | 0.3.0 | 12.00 | 387.00 | 399.00 | NOTE | |
r-oldrel-macos-arm64 | 0.3.0 | 373.00 | OK | |||
r-oldrel-macos-x86_64 | 0.3.0 | 606.00 | OK | |||
r-oldrel-windows-x86_64 | 0.3.0 | 16.00 | 512.00 | 528.00 | OK |
Version: 0.3.0
Check: Rd files
Result: NOTE
checkRd: (-1) cross.Rd:11: Lost braces
11 | \item{x}{\code{\link{Pop-class}} or code{\link{Colony-class}} or \code{\link{MultiColony-class}},
| ^
Flavors: r-devel-linux-x86_64-debian-clang, r-devel-linux-x86_64-debian-gcc, r-devel-linux-x86_64-fedora-clang, r-devel-linux-x86_64-fedora-gcc, r-devel-windows-x86_64, r-patched-linux-x86_64, r-release-macos-arm64, r-release-windows-x86_64