Last updated on 2023-10-02 20:12:11 CEST.
Flavor | Version | Tinstall | Tcheck | Ttotal | Status | Flags |
---|---|---|---|---|---|---|
r-devel-linux-x86_64-debian-clang | 1.2.0 | 8.57 | 81.96 | 90.53 | NOTE | |
r-devel-linux-x86_64-debian-gcc | 1.2.0 | 5.56 | 60.23 | 65.79 | NOTE | |
r-devel-linux-x86_64-fedora-clang | 1.2.0 | 107.38 | NOTE | |||
r-devel-linux-x86_64-fedora-gcc | 1.2.0 | 125.74 | NOTE | |||
r-devel-windows-x86_64 | 1.2.0 | 10.00 | 87.00 | 97.00 | NOTE | |
r-patched-linux-x86_64 | 1.2.0 | 8.07 | 78.66 | 86.73 | OK | |
r-release-linux-x86_64 | 1.2.0 | 5.77 | 79.32 | 85.09 | OK | |
r-release-macos-arm64 | 1.2.0 | 43.00 | OK | |||
r-release-macos-x86_64 | 1.2.0 | 68.00 | OK | |||
r-release-windows-x86_64 | 1.2.0 | 10.00 | 99.00 | 109.00 | OK | |
r-oldrel-macos-arm64 | 1.2.0 | 38.00 | OK | |||
r-oldrel-macos-x86_64 | 1.2.0 | 48.00 | OK | |||
r-oldrel-windows-x86_64 | 1.2.0 | 12.00 | 144.00 | 156.00 | OK |
Version: 1.2.0
Check: package namespace information
Result: NOTE
Found export directive that requires package ‘methods’:
‘exportMethods’
Remove all such namespace directives (if obsolete) or ensure that the
DESCRIPTION Depends or Imports field contains ‘methods’.
Flavors: r-devel-linux-x86_64-debian-clang, r-devel-linux-x86_64-debian-gcc, r-devel-linux-x86_64-fedora-clang, r-devel-linux-x86_64-fedora-gcc, r-devel-windows-x86_64