Last updated on 2023-06-09 19:56:35 CEST.
Flavor | Version | Tinstall | Tcheck | Ttotal | Status | Flags |
---|---|---|---|---|---|---|
r-devel-linux-x86_64-debian-clang | 2.0.1 | 277.83 | 951.67 | 1229.50 | OK | |
r-devel-linux-x86_64-debian-gcc | 2.0.1 | 233.30 | 656.43 | 889.73 | OK | |
r-devel-linux-x86_64-fedora-clang | 2.0.1 | 1520.29 | NOTE | |||
r-devel-linux-x86_64-fedora-gcc | 2.0.1 | 1426.13 | OK | |||
r-devel-windows-x86_64 | 2.0.1 | 206.00 | 450.00 | 656.00 | NOTE | |
r-patched-linux-x86_64 | 2.0.1 | 256.07 | 865.33 | 1121.40 | OK | |
r-release-linux-x86_64 | 2.0.1 | 254.49 | 881.50 | 1135.99 | OK | |
r-release-macos-arm64 | 2.0.1 | 283.00 | NOTE | |||
r-release-macos-x86_64 | 2.0.1 | 574.00 | NOTE | |||
r-release-windows-x86_64 | 2.0.1 | 304.00 | 646.00 | 950.00 | NOTE | |
r-oldrel-macos-arm64 | 2.0.1 | 294.00 | NOTE | |||
r-oldrel-macos-x86_64 | 2.0.1 | 489.00 | NOTE | |||
r-oldrel-windows-x86_64 | 2.0.1 | 303.00 | 626.00 | 929.00 | NOTE |
Version: 2.0.1
Check: installed package size
Result: NOTE
installed size is 8.8Mb
sub-directories of 1Mb or more:
R 8.1Mb
Flavors: r-devel-linux-x86_64-fedora-clang, r-devel-windows-x86_64, r-release-macos-arm64, r-release-macos-x86_64, r-release-windows-x86_64, r-oldrel-macos-arm64, r-oldrel-macos-x86_64, r-oldrel-windows-x86_64