Last updated on 2024-03-29 07:54:56 CET.
Flavor | Version | Tinstall | Tcheck | Ttotal | Status | Flags |
---|---|---|---|---|---|---|
r-devel-linux-x86_64-debian-clang | 2.0.1 | 261.93 | 980.28 | 1242.21 | OK | |
r-devel-linux-x86_64-debian-gcc | 2.0.1 | 236.54 | 644.29 | 880.83 | OK | |
r-devel-linux-x86_64-fedora-clang | 2.0.1 | 1465.44 | NOTE | |||
r-devel-linux-x86_64-fedora-gcc | 2.0.1 | 1446.41 | OK | |||
r-devel-windows-x86_64 | 2.0.1 | 217.00 | 437.00 | 654.00 | NOTE | |
r-patched-linux-x86_64 | 2.0.1 | 275.07 | 907.47 | 1182.54 | OK | |
r-release-linux-x86_64 | 2.0.1 | 268.81 | 905.64 | 1174.45 | OK | |
r-release-macos-arm64 | 2.0.1 | 283.00 | NOTE | |||
r-release-macos-x86_64 | 2.0.1 | 574.00 | NOTE | |||
r-release-windows-x86_64 | 2.0.1 | 302.00 | 632.00 | 934.00 | NOTE | |
r-oldrel-macos-arm64 | 2.0.1 | 294.00 | NOTE | |||
r-oldrel-windows-x86_64 | 2.0.1 | 296.00 | 636.00 | 932.00 | NOTE |
Version: 2.0.1
Check: installed package size
Result: NOTE
installed size is 8.5Mb
sub-directories of 1Mb or more:
R 7.8Mb
Flavors: r-devel-linux-x86_64-fedora-clang, r-devel-windows-x86_64, r-release-macos-arm64, r-release-macos-x86_64, r-release-windows-x86_64, r-oldrel-macos-arm64, r-oldrel-windows-x86_64