Last updated on 2024-03-29 07:54:56 CET.
Flavor | Version | Tinstall | Tcheck | Ttotal | Status | Flags |
---|---|---|---|---|---|---|
r-devel-linux-x86_64-debian-clang | 2.7.3 | 35.30 | 339.48 | 374.78 | OK | |
r-devel-linux-x86_64-debian-gcc | 2.7.3 | 19.85 | 245.50 | 265.35 | OK | |
r-devel-linux-x86_64-fedora-clang | 2.7.3 | 441.90 | NOTE | |||
r-devel-linux-x86_64-fedora-gcc | 2.7.3 | 428.36 | NOTE | |||
r-devel-windows-x86_64 | 2.7.3 | 25.00 | 206.00 | 231.00 | WARN | |
r-patched-linux-x86_64 | 2.7.3 | 20.84 | 331.52 | 352.36 | OK | |
r-release-linux-x86_64 | 2.7.3 | 20.01 | 319.53 | 339.54 | OK | |
r-release-macos-arm64 | 2.7.3 | 58.00 | OK | |||
r-release-macos-x86_64 | 2.7.3 | 100.00 | OK | |||
r-release-windows-x86_64 | 2.7.3 | 34.00 | 294.00 | 328.00 | OK | |
r-oldrel-macos-arm64 | 2.7.3 | 55.00 | OK | |||
r-oldrel-windows-x86_64 | 2.7.3 | 38.00 | 264.00 | 302.00 | OK |
Version: 2.7.3
Check: data for non-ASCII characters
Result: NOTE
Note: found 5 marked Latin-1 strings
Note: found 51869 marked UTF-8 strings
Flavors: r-devel-linux-x86_64-fedora-clang, r-devel-linux-x86_64-fedora-gcc
Version: 2.7.3
Check: whether package can be installed
Result: WARN
Found the following significant warnings:
Warning: package 'dplyr' was built under R version 4.5.0
Flavor: r-devel-windows-x86_64