Last updated on 2023-09-24 08:58:29 CEST.
Flavor | Version | Tinstall | Tcheck | Ttotal | Status | Flags |
---|---|---|---|---|---|---|
r-devel-linux-x86_64-debian-clang | 0.1.1 | 31.97 | 47.66 | 79.63 | NOTE | |
r-devel-linux-x86_64-debian-gcc | 0.1.1 | 20.23 | 36.40 | 56.63 | NOTE | |
r-devel-linux-x86_64-fedora-clang | 0.1.1 | 109.94 | NOTE | |||
r-devel-linux-x86_64-fedora-gcc | 0.1.1 | 122.69 | NOTE | |||
r-devel-windows-x86_64 | 0.1.1 | 26.00 | 82.00 | 108.00 | NOTE | |
r-patched-linux-x86_64 | 0.1.1 | 32.39 | 47.35 | 79.74 | NOTE | |
r-release-linux-x86_64 | 0.1.1 | 27.36 | 47.07 | 74.43 | NOTE | |
r-release-macos-arm64 | 0.1.1 | 40.00 | NOTE | |||
r-release-macos-x86_64 | 0.1.1 | 85.00 | NOTE | |||
r-release-windows-x86_64 | 0.1.1 | 32.00 | 94.00 | 126.00 | NOTE | |
r-oldrel-macos-arm64 | 0.1.1 | 30.00 | NOTE | |||
r-oldrel-macos-x86_64 | 0.1.1 | 42.00 | NOTE | |||
r-oldrel-windows-x86_64 | 0.1.1 | 31.00 | 93.00 | 124.00 | NOTE |
Version: 0.1.1
Check: LazyData
Result: NOTE
'LazyData' is specified without a 'data' directory
Flavors: r-devel-linux-x86_64-debian-clang, r-devel-linux-x86_64-debian-gcc, r-devel-linux-x86_64-fedora-clang, r-devel-linux-x86_64-fedora-gcc, r-devel-windows-x86_64, r-patched-linux-x86_64, r-release-linux-x86_64, r-release-macos-arm64, r-release-macos-x86_64, r-release-windows-x86_64, r-oldrel-macos-arm64, r-oldrel-macos-x86_64, r-oldrel-windows-x86_64
Version: 0.1.1
Check: dependencies in R code
Result: NOTE
Namespaces in Imports field not imported from:
‘Matrix’ ‘pracma’
All declared Imports should be used.
Flavors: r-devel-linux-x86_64-fedora-clang, r-devel-linux-x86_64-fedora-gcc, r-oldrel-macos-arm64, r-oldrel-macos-x86_64