Last updated on 2024-04-26 19:49:24 CEST.
Flavor | Version | Tinstall | Tcheck | Ttotal | Status | Flags |
---|---|---|---|---|---|---|
r-devel-linux-x86_64-debian-clang | 1.1 | 57.56 | 140.33 | 197.89 | NOTE | |
r-devel-linux-x86_64-debian-gcc | 1.1 | 45.28 | 103.08 | 148.36 | NOTE | |
r-devel-linux-x86_64-fedora-clang | 1.1 | 254.74 | NOTE | |||
r-devel-linux-x86_64-fedora-gcc | 1.1 | 266.13 | NOTE | |||
r-devel-windows-x86_64 | 1.1 | 45.00 | 142.00 | 187.00 | NOTE | |
r-patched-linux-x86_64 | 1.1 | 45.43 | 129.93 | 175.36 | NOTE | |
r-release-linux-x86_64 | 1.1 | 38.65 | 136.59 | 175.24 | NOTE | |
r-release-macos-arm64 | 1.1 | 81.00 | NOTE | |||
r-release-macos-x86_64 | 1.1 | 139.00 | NOTE | |||
r-release-windows-x86_64 | 1.1 | 46.00 | 139.00 | 185.00 | NOTE | |
r-oldrel-macos-arm64 | 1.1 | 5.00 | ERROR | |||
r-oldrel-macos-x86_64 | 1.1 | 142.00 | NOTE | |||
r-oldrel-windows-x86_64 | 1.1 | 58.00 | 182.00 | 240.00 | NOTE |
Version: 1.1
Check: C++ specification
Result: NOTE
Specified C++11: please drop specification unless essential
Flavors: r-devel-linux-x86_64-debian-clang, r-devel-linux-x86_64-debian-gcc, r-devel-linux-x86_64-fedora-clang, r-devel-linux-x86_64-fedora-gcc, r-devel-windows-x86_64, r-patched-linux-x86_64, r-release-linux-x86_64, r-release-macos-arm64, r-release-macos-x86_64, r-release-windows-x86_64, r-oldrel-macos-x86_64, r-oldrel-windows-x86_64
Version: 1.1
Check: package dependencies
Result: ERROR
Package required but not available: ‘scran’
See section ‘The DESCRIPTION file’ in the ‘Writing R Extensions’
manual.
Flavor: r-oldrel-macos-arm64