Last updated on 2023-06-04 08:57:21 CEST.
Flavor | Version | Tinstall | Tcheck | Ttotal | Status | Flags |
---|---|---|---|---|---|---|
r-devel-linux-x86_64-debian-clang | 1.1 | 54.96 | 141.38 | 196.34 | NOTE | |
r-devel-linux-x86_64-debian-gcc | 1.1 | 47.01 | 106.17 | 153.18 | NOTE | |
r-devel-linux-x86_64-fedora-clang | 1.1 | 256.97 | NOTE | |||
r-devel-linux-x86_64-fedora-gcc | 1.1 | 266.79 | NOTE | |||
r-devel-windows-x86_64 | 1.1 | 46.00 | 149.00 | 195.00 | NOTE | |
r-patched-linux-x86_64 | 1.1 | 47.02 | 129.74 | 176.76 | NOTE | |
r-release-linux-x86_64 | 1.1 | 35.87 | 130.40 | 166.27 | NOTE | |
r-release-macos-arm64 | 1.1 | 5.00 | ERROR | |||
r-release-macos-x86_64 | 1.1 | 142.00 | NOTE | |||
r-release-windows-x86_64 | 1.1 | 56.00 | 185.00 | 241.00 | NOTE | |
r-oldrel-macos-arm64 | 1.1 | 10.00 | ERROR | |||
r-oldrel-macos-x86_64 | 1.1 | 131.00 | NOTE | |||
r-oldrel-windows-x86_64 | 1.1 | 56.00 | 179.00 | 235.00 | OK |
Version: 1.1
Check: C++ specification
Result: NOTE
Specified C++11: please drop specification unless essential
Flavors: r-devel-linux-x86_64-debian-clang, r-devel-linux-x86_64-debian-gcc, r-devel-linux-x86_64-fedora-clang, r-devel-linux-x86_64-fedora-gcc, r-devel-windows-x86_64, r-patched-linux-x86_64, r-release-linux-x86_64, r-release-macos-x86_64, r-release-windows-x86_64
Version: 1.1
Check: package dependencies
Result: ERROR
Package required but not available: ‘scran’
See section ‘The DESCRIPTION file’ in the ‘Writing R Extensions’
manual.
Flavors: r-release-macos-arm64, r-oldrel-macos-arm64
Version: 1.1
Check: dependencies in R code
Result: NOTE
Namespace in Imports field not imported from: ‘BiocSingular’
All declared Imports should be used.
Flavor: r-oldrel-macos-x86_64