CRAN Package Check Results for Package SBdecomp

Last updated on 2024-06-12 19:54:36 CEST.

Flavor Version Tinstall Tcheck Ttotal Status Flags
r-devel-linux-x86_64-debian-clang 1.2 13.03 118.11 131.14 OK
r-devel-linux-x86_64-debian-gcc 1.2 0.28 1.74 2.02 ERROR
r-devel-linux-x86_64-fedora-clang 1.2 166.15 OK
r-devel-linux-x86_64-fedora-gcc 1.2 157.07 OK
r-devel-windows-x86_64 1.2 11.00 98.00 109.00 OK
r-patched-linux-x86_64 1.2 12.00 113.06 125.06 OK
r-release-linux-x86_64 1.2 10.65 112.63 123.28 OK
r-release-macos-arm64 1.2 49.00 OK
r-release-macos-x86_64 1.2 75.00 OK
r-release-windows-x86_64 1.2 14.00 96.00 110.00 OK
r-oldrel-macos-arm64 1.2 51.00 OK
r-oldrel-macos-x86_64 1.2 81.00 OK
r-oldrel-windows-x86_64 1.2 16.00 118.00 134.00 OK

Check Details

Version: 1.2
Check: package dependencies
Result: ERROR Package required but not available: ‘twang’ See section ‘The DESCRIPTION file’ in the ‘Writing R Extensions’ manual. Flavor: r-devel-linux-x86_64-debian-gcc