Last updated on 2024-04-19 07:56:54 CEST.
Flavor | Version | Tinstall | Tcheck | Ttotal | Status | Flags |
---|---|---|---|---|---|---|
r-devel-linux-x86_64-debian-clang | 1.0.3 | 73.53 | 101.98 | 175.51 | NOTE | |
r-devel-linux-x86_64-debian-gcc | 1.0.3 | NOTE | ||||
r-devel-linux-x86_64-fedora-clang | 1.0.3 | 246.01 | NOTE | |||
r-devel-linux-x86_64-fedora-gcc | 1.0.3 | 241.78 | NOTE | |||
r-prerel-macos-arm64 | 1.0.3 | 57.00 | NOTE | |||
r-prerel-windows-x86_64 | 1.0.3 | 65.00 | 112.00 | 177.00 | NOTE | |
r-patched-linux-x86_64 | 1.0.3 | 78.98 | 94.08 | 173.06 | NOTE | |
r-release-linux-x86_64 | 1.0.3 | 49.79 | 96.87 | 146.66 | NOTE | |
r-release-macos-arm64 | 1.0.3 | 66.00 | NOTE | |||
r-release-macos-x86_64 | 1.0.3 | 109.00 | NOTE | |||
r-release-windows-x86_64 | 1.0.3 | 82.00 | 133.00 | 215.00 | NOTE | |
r-oldrel-macos-arm64 | 1.0.3 | 61.00 | NOTE | |||
r-oldrel-windows-x86_64 | 1.0.3 | 80.00 | 121.00 | 201.00 | NOTE |
Version: 1.0.3
Check: C++ specification
Result: NOTE
Specified C++11: please drop specification unless essential
Flavors: r-devel-linux-x86_64-debian-clang, r-devel-linux-x86_64-debian-gcc, r-devel-linux-x86_64-fedora-clang, r-devel-linux-x86_64-fedora-gcc, r-prerel-macos-arm64, r-prerel-windows-x86_64, r-patched-linux-x86_64, r-release-linux-x86_64, r-release-macos-arm64, r-release-macos-x86_64, r-release-windows-x86_64
Version: 1.0.3
Check: for GNU extensions in Makefiles
Result: NOTE
GNU make is a SystemRequirements.
Flavors: r-devel-linux-x86_64-debian-clang, r-devel-linux-x86_64-debian-gcc, r-devel-linux-x86_64-fedora-clang, r-devel-linux-x86_64-fedora-gcc, r-prerel-macos-arm64, r-prerel-windows-x86_64, r-patched-linux-x86_64, r-release-linux-x86_64, r-release-macos-arm64, r-release-macos-x86_64, r-release-windows-x86_64, r-oldrel-macos-arm64, r-oldrel-windows-x86_64
Version: 1.0.3
Check: dependencies in R code
Result: NOTE
Namespaces in Imports field not imported from:
‘httr’ ‘jsonlite’
All declared Imports should be used.
Flavors: r-devel-linux-x86_64-fedora-clang, r-devel-linux-x86_64-fedora-gcc, r-oldrel-macos-arm64