Last updated on 2023-05-29 08:55:10 CEST.
Flavor | Version | Tinstall | Tcheck | Ttotal | Status | Flags |
---|---|---|---|---|---|---|
r-devel-linux-x86_64-debian-clang | 0.4.4 | 87.99 | 114.26 | 202.25 | NOTE | |
r-devel-linux-x86_64-debian-gcc | 0.4.4 | 76.37 | 85.18 | 161.55 | NOTE | |
r-devel-linux-x86_64-fedora-clang | 0.4.4 | 329.54 | NOTE | |||
r-devel-linux-x86_64-fedora-gcc | 0.4.4 | 335.47 | NOTE | |||
r-devel-windows-x86_64 | 0.4.4 | 92.00 | 139.00 | 231.00 | NOTE | |
r-patched-linux-x86_64 | 0.4.4 | 81.88 | 108.94 | 190.82 | NOTE | |
r-release-linux-x86_64 | 0.4.4 | 86.04 | 109.22 | 195.26 | NOTE | |
r-release-macos-arm64 | 0.4.4 | 105.00 | NOTE | |||
r-release-macos-x86_64 | 0.4.4 | 162.00 | NOTE | |||
r-release-windows-x86_64 | 0.4.4 | 107.00 | 160.00 | 267.00 | NOTE | |
r-oldrel-macos-arm64 | 0.4.4 | 98.00 | NOTE | |||
r-oldrel-macos-x86_64 | 0.4.4 | 124.00 | NOTE | |||
r-oldrel-windows-x86_64 | 0.4.4 | 102.00 | 155.00 | 257.00 | OK |
Version: 0.4.4
Check: C++ specification
Result: NOTE
Specified C++11: please drop specification unless essential
Flavors: r-devel-linux-x86_64-debian-clang, r-devel-linux-x86_64-debian-gcc, r-devel-linux-x86_64-fedora-clang, r-devel-linux-x86_64-fedora-gcc, r-devel-windows-x86_64, r-patched-linux-x86_64, r-release-linux-x86_64, r-release-macos-arm64, r-release-macos-x86_64, r-release-windows-x86_64
Version: 0.4.4
Check: installed package size
Result: NOTE
installed size is 10.1Mb
sub-directories of 1Mb or more:
libs 8.4Mb
yacas 1.3Mb
Flavors: r-release-macos-arm64, r-release-macos-x86_64, r-oldrel-macos-arm64, r-oldrel-macos-x86_64