Last updated on 2024-04-23 19:50:58 CEST.
Flavor | Version | Tinstall | Tcheck | Ttotal | Status | Flags |
---|---|---|---|---|---|---|
r-devel-linux-x86_64-debian-clang | 0.22.2 | 794.35 | 52.67 | 847.02 | OK | |
r-devel-linux-x86_64-debian-gcc | 0.22.2 | 685.36 | 47.48 | 732.84 | OK | |
r-devel-linux-x86_64-fedora-clang | 0.22.2 | 1317.70 | OK | |||
r-devel-linux-x86_64-fedora-gcc | 0.22.2 | 1437.11 | OK | |||
r-prerel-macos-arm64 | 0.22.2 | 216.00 | NOTE | |||
r-prerel-windows-x86_64 | 0.22.2 | 602.00 | 118.00 | 720.00 | OK | |
r-patched-linux-x86_64 | 0.22.2 | 867.56 | 59.40 | 926.96 | OK | |
r-release-linux-x86_64 | 0.22.2 | 817.02 | 61.45 | 878.47 | OK | |
r-release-macos-arm64 | 0.22.2 | 244.00 | NOTE | |||
r-release-macos-x86_64 | 0.22.2 | 233.00 | NOTE | |||
r-release-windows-x86_64 | 0.22.2 | 764.00 | 135.00 | 899.00 | OK | |
r-oldrel-macos-arm64 | 0.22.2 | 228.00 | NOTE | |||
r-oldrel-windows-x86_64 | 0.22.2 | 719.00 | 115.00 | 834.00 | OK |
Version: 0.22.2
Check: installed package size
Result: NOTE
installed size is 45.8Mb
sub-directories of 1Mb or more:
libs 44.6Mb
Flavors: r-prerel-macos-arm64, r-release-macos-arm64, r-release-macos-x86_64, r-oldrel-macos-arm64