Last updated on 2024-04-19 19:50:26 CEST.
Flavor | Version | Tinstall | Tcheck | Ttotal | Status | Flags |
---|---|---|---|---|---|---|
r-devel-linux-x86_64-debian-clang | 3.1.1 | 8.70 | 349.69 | 358.39 | OK | |
r-devel-linux-x86_64-debian-gcc | 3.1.1 | OK | ||||
r-devel-linux-x86_64-fedora-clang | 3.1.1 | 449.79 | NOTE | |||
r-devel-linux-x86_64-fedora-gcc | 3.1.1 | 458.40 | NOTE | |||
r-prerel-macos-arm64 | 3.1.1 | 114.00 | OK | |||
r-prerel-macos-x86_64 | 3.1.1 | 346.00 | OK | |||
r-prerel-windows-x86_64 | 3.1.1 | 9.00 | 192.00 | 201.00 | OK | |
r-patched-linux-x86_64 | 3.1.1 | 8.95 | 340.48 | 349.43 | OK | |
r-release-linux-x86_64 | 3.1.1 | 9.47 | 339.78 | 349.25 | OK | |
r-release-macos-arm64 | 3.1.1 | 92.00 | OK | |||
r-release-macos-x86_64 | 3.1.1 | 353.00 | OK | |||
r-release-windows-x86_64 | 3.1.1 | 12.00 | 815.00 | 827.00 | OK | |
r-oldrel-macos-arm64 | 3.1.1 | 114.00 | OK | |||
r-oldrel-windows-x86_64 | 3.1.1 | 12.00 | 782.00 | 794.00 | OK |
Version: 3.1.1
Check: dependencies in R code
Result: NOTE
Namespaces in Imports field not imported from:
‘ROCit’ ‘corrplot’ ‘kableExtra’ ‘purrr’ ‘reshape2’
All declared Imports should be used.
Flavors: r-devel-linux-x86_64-fedora-clang, r-devel-linux-x86_64-fedora-gcc