Last updated on 2024-03-29 07:54:55 CET.
Flavor | Version | Tinstall | Tcheck | Ttotal | Status | Flags |
---|---|---|---|---|---|---|
r-devel-linux-x86_64-debian-clang | 0.5.4 | 60.97 | 94.54 | 155.51 | NOTE | |
r-devel-linux-x86_64-debian-gcc | 0.5.4 | 55.40 | 68.33 | 123.73 | NOTE | |
r-devel-linux-x86_64-fedora-clang | 0.5.4 | 199.16 | NOTE | |||
r-devel-linux-x86_64-fedora-gcc | 0.5.4 | 222.04 | NOTE | |||
r-devel-windows-x86_64 | 0.5.4 | 50.00 | 106.00 | 156.00 | NOTE | |
r-patched-linux-x86_64 | 0.5.4 | 53.85 | 89.09 | 142.94 | NOTE | |
r-release-linux-x86_64 | 0.5.4 | 51.75 | 94.04 | 145.79 | OK | |
r-release-macos-arm64 | 0.5.4 | 65.00 | NOTE | |||
r-release-macos-x86_64 | 0.5.4 | 99.00 | NOTE | |||
r-release-windows-x86_64 | 0.5.4 | 66.00 | 129.00 | 195.00 | OK | |
r-oldrel-macos-arm64 | 0.5.4 | 60.00 | NOTE | |||
r-oldrel-windows-x86_64 | 0.5.4 | 66.00 | 120.00 | 186.00 | OK |
Version: 0.5.4
Check: Rd files
Result: NOTE
checkRd: (-1) rcalibration_MS-class.Rd:21: Lost braces; missing escapes or markup?
21 | \item{\code{input}:}{Object of class \code{list}. Each element is a \code{matrix} of the design of experiments in each source with dimension n_i x p_{x,i}, for i=1,...,num_sources.}
| ^
checkRd: (-1) separable_kernel.Rd:26: Lost braces
26 | A vector specifying the type of kernels of each coordinate of the input. \code{matern_3_2} and \code{matern_5_2} are \code{Matern correlation} with roughness parameter 3/2 and 5/2 respectively. \code{pow_exp} is power exponential correlation with roughness parameter alpha. If \code{pow_exp} is to be used, one needs to specify its roughness parameter alpha. The default choice is \code{matern_5_2}. The \code{periodic_gauss} means the Gaussian kernel with periodic folding method with be used. The code{periodic_exp} means the exponential kernel with periodic folding method will be used.
| ^
Flavors: r-devel-linux-x86_64-debian-clang, r-devel-linux-x86_64-debian-gcc, r-devel-linux-x86_64-fedora-clang, r-devel-linux-x86_64-fedora-gcc, r-devel-windows-x86_64, r-patched-linux-x86_64
Version: 0.5.4
Check: installed package size
Result: NOTE
installed size is 17.8Mb
sub-directories of 1Mb or more:
libs 17.2Mb
Flavors: r-release-macos-arm64, r-release-macos-x86_64, r-oldrel-macos-arm64