Last updated on 2023-06-05 08:53:39 CEST.
Flavor | Version | Tinstall | Tcheck | Ttotal | Status | Flags |
---|---|---|---|---|---|---|
r-devel-linux-x86_64-debian-clang | 0.5.3 | 60.44 | 95.68 | 156.12 | OK | |
r-devel-linux-x86_64-debian-gcc | 0.5.3 | 51.04 | 71.29 | 122.33 | OK | |
r-devel-linux-x86_64-fedora-clang | 0.5.3 | 196.12 | OK | |||
r-devel-linux-x86_64-fedora-gcc | 0.5.3 | 208.00 | OK | |||
r-devel-windows-x86_64 | 0.5.3 | 45.00 | 118.00 | 163.00 | OK | |
r-patched-linux-x86_64 | 0.5.3 | 55.80 | 92.09 | 147.89 | OK | |
r-release-linux-x86_64 | 0.5.3 | 49.33 | 91.30 | 140.63 | OK | |
r-release-macos-arm64 | 0.5.3 | 61.00 | NOTE | |||
r-release-macos-x86_64 | 0.5.3 | 100.00 | NOTE | |||
r-release-windows-x86_64 | 0.5.3 | 59.00 | 130.00 | 189.00 | OK | |
r-oldrel-macos-arm64 | 0.5.3 | 54.00 | NOTE | |||
r-oldrel-macos-x86_64 | 0.5.3 | 73.00 | NOTE | |||
r-oldrel-windows-x86_64 | 0.5.3 | 57.00 | 121.00 | 178.00 | OK |
Version: 0.5.3
Check: installed package size
Result: NOTE
installed size is 19.5Mb
sub-directories of 1Mb or more:
libs 18.9Mb
Flavors: r-release-macos-arm64, r-release-macos-x86_64, r-oldrel-macos-arm64, r-oldrel-macos-x86_64