Last updated on 2024-04-23 07:51:18 CEST.
Flavor | Version | Tinstall | Tcheck | Ttotal | Status | Flags |
---|---|---|---|---|---|---|
r-devel-linux-x86_64-debian-clang | 1.1.0 | 10.04 | 97.77 | 107.81 | OK | |
r-devel-linux-x86_64-debian-gcc | 1.1.0 | 10.88 | 71.58 | 82.46 | OK | |
r-devel-linux-x86_64-fedora-clang | 1.1.0 | 135.37 | NOTE | |||
r-devel-linux-x86_64-fedora-gcc | 1.1.0 | 129.73 | NOTE | |||
r-prerel-macos-arm64 | 1.1.0 | 40.00 | OK | |||
r-prerel-windows-x86_64 | 1.1.0 | 13.00 | 86.00 | 99.00 | OK | |
r-patched-linux-x86_64 | 1.1.0 | 14.29 | 93.27 | 107.56 | OK | |
r-release-linux-x86_64 | 1.1.0 | 11.98 | 91.21 | 103.19 | OK | |
r-release-macos-arm64 | 1.1.0 | 42.00 | OK | |||
r-release-macos-x86_64 | 1.1.0 | 65.00 | OK | |||
r-release-windows-x86_64 | 1.1.0 | 16.00 | 107.00 | 123.00 | OK | |
r-oldrel-macos-arm64 | 1.1.0 | 41.00 | NOTE | |||
r-oldrel-windows-x86_64 | 1.1.0 | 16.00 | 102.00 | 118.00 | OK |
Version: 1.1.0
Check: dependencies in R code
Result: NOTE
Namespace in Imports field not imported from: ‘glmnet’
All declared Imports should be used.
Flavors: r-devel-linux-x86_64-fedora-clang, r-devel-linux-x86_64-fedora-gcc, r-oldrel-macos-arm64