Last updated on 2023-06-06 20:09:54 CEST.
Flavor | Version | Tinstall | Tcheck | Ttotal | Status | Flags |
---|---|---|---|---|---|---|
r-devel-linux-x86_64-debian-clang | 1.2.0 | 19.25 | 199.69 | 218.94 | OK | |
r-devel-linux-x86_64-debian-gcc | 1.2.0 | 17.37 | 150.09 | 167.46 | OK | |
r-devel-linux-x86_64-fedora-clang | 1.2.0 | 281.37 | NOTE | |||
r-devel-linux-x86_64-fedora-gcc | 1.2.0 | 269.04 | OK | |||
r-devel-windows-x86_64 | 1.2.0 | 20.00 | 153.00 | 173.00 | OK | |
r-patched-linux-x86_64 | 1.2.0 | 20.23 | 191.02 | 211.25 | OK | |
r-release-linux-x86_64 | 1.2.0 | 15.92 | 192.41 | 208.33 | OK | |
r-release-macos-arm64 | 1.2.0 | 76.00 | OK | |||
r-release-macos-x86_64 | 1.2.0 | 128.00 | NOTE | |||
r-release-windows-x86_64 | 1.2.0 | 25.00 | 195.00 | 220.00 | OK | |
r-oldrel-macos-arm64 | 1.2.0 | 69.00 | OK | |||
r-oldrel-macos-x86_64 | 1.2.0 | 113.00 | OK | |||
r-oldrel-windows-x86_64 | 1.2.0 | 25.00 | 198.00 | 223.00 | OK |
Version: 1.2.0
Check: Rd cross-references
Result: NOTE
Undeclared package ‘ROptEst’ in Rd xrefs
Flavor: r-devel-linux-x86_64-fedora-clang
Version: 1.2.0
Check: Rd cross-references
Result: NOTE
Package unavailable to check Rd xrefs: ‘ROptEst’
Flavor: r-release-macos-x86_64