Last updated on 2024-04-17 19:58:50 CEST.
Flavor | Version | Tinstall | Tcheck | Ttotal | Status | Flags |
---|---|---|---|---|---|---|
r-devel-linux-x86_64-debian-clang | 1.2.5 | 42.92 | 214.52 | 257.44 | OK | |
r-devel-linux-x86_64-debian-gcc | 1.2.5 | 37.68 | 152.25 | 189.93 | OK | |
r-devel-linux-x86_64-fedora-clang | 1.2.5 | 320.81 | OK | |||
r-devel-linux-x86_64-fedora-gcc | 1.2.5 | 308.50 | OK | |||
r-prerel-macos-arm64 | 1.2.5 | 67.00 | OK | |||
r-prerel-macos-x86_64 | 1.2.5 | 200.00 | NOTE | |||
r-prerel-windows-x86_64 | 1.2.5 | 37.00 | 167.00 | 204.00 | OK | |
r-patched-linux-x86_64 | 1.2.5 | 49.96 | 198.07 | 248.03 | OK | |
r-release-linux-x86_64 | 1.2.5 | 35.71 | 203.73 | 239.44 | OK | |
r-release-macos-arm64 | 1.2.5 | 87.00 | OK | |||
r-release-macos-x86_64 | 1.2.5 | 163.00 | OK | |||
r-release-windows-x86_64 | 1.2.5 | 49.00 | 219.00 | 268.00 | OK | |
r-oldrel-macos-arm64 | 1.2.5 | 82.00 | OK | |||
r-oldrel-windows-x86_64 | 1.2.5 | 51.00 | 200.00 | 251.00 | OK |
Version: 1.2.5
Check: package dependencies
Result: NOTE
Package suggested but not available for checking: ‘ROptEst’
Flavor: r-prerel-macos-x86_64
Version: 1.2.5
Check: Rd cross-references
Result: NOTE
Unknown package ‘ROptEst’ in Rd xrefs
Flavor: r-prerel-macos-x86_64