Last updated on 2024-04-17 19:58:50 CEST.
Flavor | Version | Tinstall | Tcheck | Ttotal | Status | Flags |
---|---|---|---|---|---|---|
r-devel-linux-x86_64-debian-clang | 0.7-2 | 8.85 | 44.41 | 53.26 | OK | |
r-devel-linux-x86_64-debian-gcc | 0.7-2 | 6.65 | 34.74 | 41.39 | OK | |
r-devel-linux-x86_64-fedora-clang | 0.7-2 | 74.05 | OK | |||
r-devel-linux-x86_64-fedora-gcc | 0.7-2 | 71.97 | OK | |||
r-prerel-macos-x86_64 | 0.7-2 | 43.00 | ERROR | |||
r-prerel-windows-x86_64 | 0.7-2 | 56.00 | 62.00 | 118.00 | OK | |
r-patched-linux-x86_64 | 0.7-2 | 10.19 | 42.98 | 53.17 | OK | |
r-release-linux-x86_64 | 0.7-2 | 6.86 | 43.09 | 49.95 | OK | |
r-release-macos-x86_64 | 0.7-2 | 49.00 | ERROR | |||
r-release-windows-x86_64 | 0.7-2 | 57.00 | 70.00 | 127.00 | OK | |
r-oldrel-macos-arm64 | 0.6-9.2 | 10.00 | ERROR | |||
r-oldrel-windows-x86_64 | 0.7-2 | 61.00 | 70.00 | 131.00 | OK |
Version: 0.7-2
Check: whether package can be installed
Result: ERROR
Installation failed.
Flavors: r-prerel-macos-x86_64, r-release-macos-x86_64
Version: 0.6-9.2
Check: whether package can be installed
Result: ERROR
Installation failed.
Flavor: r-oldrel-macos-arm64