Last updated on 2024-03-29 07:54:54 CET.
Flavor | Version | Tinstall | Tcheck | Ttotal | Status | Flags |
---|---|---|---|---|---|---|
r-devel-linux-x86_64-debian-clang | 0.2-10 | 163.07 | 31.11 | 194.18 | OK | |
r-devel-linux-x86_64-debian-gcc | 0.2-10 | 119.86 | 23.79 | 143.65 | OK | |
r-devel-linux-x86_64-fedora-clang | 0.2-10 | 353.80 | OK | |||
r-devel-linux-x86_64-fedora-gcc | 0.2-10 | 267.76 | OK | |||
r-devel-windows-x86_64 | 0.2-10 | 141.00 | 79.00 | 220.00 | OK | |
r-patched-linux-x86_64 | 0.2-10 | 156.39 | 29.69 | 186.08 | OK | |
r-release-linux-x86_64 | 0.2-10 | 159.79 | 29.03 | 188.82 | OK | |
r-release-macos-arm64 | 0.2-10 | 67.00 | NOTE | |||
r-release-macos-x86_64 | 0.2-10 | 69.00 | NOTE | |||
r-release-windows-x86_64 | 0.2-10 | 168.00 | 112.00 | 280.00 | OK | |
r-oldrel-macos-arm64 | 0.2-10 | 67.00 | NOTE | |||
r-oldrel-windows-x86_64 | 0.2-10 | 148.00 | 98.00 | 246.00 | OK |
Version: 0.2-10
Check: installed package size
Result: NOTE
installed size is 9.1Mb
sub-directories of 1Mb or more:
libs 9.0Mb
Flavors: r-release-macos-arm64, r-release-macos-x86_64, r-oldrel-macos-arm64