CRAN Package Check Results for Package Rita

Last updated on 2023-05-29 20:00:33 CEST.

Flavor Version Tinstall Tcheck Ttotal Status Flags
r-devel-linux-x86_64-debian-clang 1.2.0 3.54 35.75 39.29 OK
r-devel-linux-x86_64-debian-gcc 1.2.0 2.91 27.51 30.42 OK
r-devel-linux-x86_64-fedora-clang 1.2.0 49.26 NOTE
r-devel-linux-x86_64-fedora-gcc 1.2.0 49.80 NOTE
r-devel-windows-x86_64 1.2.0 5.00 51.00 56.00 OK
r-patched-linux-x86_64 1.2.0 3.35 34.28 37.63 OK
r-release-linux-x86_64 1.2.0 2.93 35.06 37.99 OK
r-release-macos-arm64 1.2.0 19.00 OK
r-release-macos-x86_64 1.2.0 26.00 OK
r-release-windows-x86_64 1.2.0 3.00 53.00 56.00 OK
r-oldrel-macos-arm64 1.2.0 17.00 OK
r-oldrel-macos-x86_64 1.2.0 26.00 NOTE
r-oldrel-windows-x86_64 1.2.0 5.00 54.00 59.00 OK

Check Details

Version: 1.2.0
Check: dependencies in R code
Result: NOTE
    Namespace in Imports field not imported from: ‘base’
     All declared Imports should be used.
Flavors: r-devel-linux-x86_64-fedora-clang, r-devel-linux-x86_64-fedora-gcc, r-oldrel-macos-x86_64