CRAN Package Check Results for Package RiskPortfolios

Last updated on 2023-06-04 08:57:20 CEST.

Flavor Version Tinstall Tcheck Ttotal Status Flags
r-devel-linux-x86_64-debian-clang 2.1.7 3.17 45.58 48.75 OK
r-devel-linux-x86_64-debian-gcc 2.1.7 2.73 34.01 36.74 OK
r-devel-linux-x86_64-fedora-clang 2.1.7 62.38 NOTE
r-devel-linux-x86_64-fedora-gcc 2.1.7 62.37 NOTE
r-devel-windows-x86_64 2.1.7 5.00 54.00 59.00 OK
r-patched-linux-x86_64 2.1.7 2.32 43.70 46.02 OK
r-release-linux-x86_64 2.1.7 2.30 43.39 45.69 OK
r-release-macos-arm64 2.1.7 27.00 OK
r-release-macos-x86_64 2.1.7 30.00 OK
r-release-windows-x86_64 2.1.7 6.00 59.00 65.00 OK
r-oldrel-macos-arm64 2.1.7 21.00 NOTE
r-oldrel-macos-x86_64 2.1.7 33.00 NOTE
r-oldrel-windows-x86_64 2.1.7 5.00 60.00 65.00 OK

Check Details

Version: 2.1.7
Check: dependencies in R code
Result: NOTE
    Namespace in Imports field not imported from: ‘MASS’
     All declared Imports should be used.
Flavors: r-devel-linux-x86_64-fedora-clang, r-devel-linux-x86_64-fedora-gcc, r-oldrel-macos-arm64, r-oldrel-macos-x86_64