Last updated on 2024-03-28 19:48:43 CET.
Flavor | Version | Tinstall | Tcheck | Ttotal | Status | Flags |
---|---|---|---|---|---|---|
r-devel-linux-x86_64-debian-clang | 2.1.0 | 1484.91 | 134.26 | 1619.17 | OK | |
r-devel-linux-x86_64-debian-gcc | 2.1.0 | 1186.83 | 96.06 | 1282.89 | OK | |
r-devel-linux-x86_64-fedora-clang | 2.1.0 | 2465.11 | NOTE | |||
r-devel-linux-x86_64-fedora-gcc | 2.1.0 | 2569.99 | OK | |||
r-devel-windows-x86_64 | 2.1.0 | 1206.00 | 209.00 | 1415.00 | NOTE | |
r-patched-linux-x86_64 | 2.1.0 | 1489.76 | 132.73 | 1622.49 | OK | |
r-release-linux-x86_64 | 2.1.0 | 1493.03 | 131.76 | 1624.79 | OK | |
r-release-macos-arm64 | 2.1.0 | 378.00 | NOTE | |||
r-release-macos-x86_64 | 2.1.0 | 320.00 | NOTE | |||
r-release-windows-x86_64 | 2.1.0 | 1446.00 | 250.00 | 1696.00 | NOTE | |
r-oldrel-macos-arm64 | 2.1.0 | 352.00 | NOTE | |||
r-oldrel-windows-x86_64 | 2.1.0 | 1392.00 | 229.00 | 1621.00 | NOTE |
Version: 2.1.0
Check: installed package size
Result: NOTE
installed size is 5.6Mb
sub-directories of 1Mb or more:
libs 4.2Mb
Flavors: r-devel-linux-x86_64-fedora-clang, r-devel-windows-x86_64, r-release-macos-arm64, r-release-macos-x86_64, r-release-windows-x86_64, r-oldrel-macos-arm64, r-oldrel-windows-x86_64