Last updated on 2023-12-07 06:51:54 CET.
Flavor | Version | Tinstall | Tcheck | Ttotal | Status | Flags |
---|---|---|---|---|---|---|
r-devel-linux-x86_64-debian-clang | 2.3.10 | 21.92 | 133.60 | 155.52 | OK | |
r-devel-linux-x86_64-debian-gcc | 2.3.10 | 15.73 | 100.16 | 115.89 | OK | |
r-devel-linux-x86_64-fedora-clang | 2.3.10 | 192.87 | NOTE | |||
r-devel-linux-x86_64-fedora-gcc | 2.3.10 | 203.31 | NOTE | |||
r-devel-windows-x86_64 | 2.3.10 | 18.00 | 117.00 | 135.00 | OK | |
r-patched-linux-x86_64 | 2.3.10 | 19.03 | 130.84 | 149.87 | OK | |
r-release-linux-x86_64 | 2.3.10 | 13.66 | 126.66 | 140.32 | OK | |
r-release-macos-arm64 | 2.3.10 | 71.00 | OK | |||
r-release-macos-x86_64 | 2.3.10 | 161.00 | OK | |||
r-release-windows-x86_64 | 2.3.10 | 25.00 | 143.00 | 168.00 | OK | |
r-oldrel-macos-arm64 | 2.3.10 | 67.00 | OK | |||
r-oldrel-macos-x86_64 | 2.3.10 | 90.00 | OK | |||
r-oldrel-windows-x86_64 | 2.3.10 | 24.00 | 146.00 | 170.00 | OK |
Version: 2.3.10
Check: package dependencies
Result: NOTE
Imports includes 28 non-default packages.
Importing from so many packages makes the package vulnerable to any of
them becoming unavailable. Move as many as possible to Suggests and
use conditionally.
Flavor: r-devel-linux-x86_64-fedora-clang
Version: 2.3.10
Check: data for non-ASCII characters
Result: NOTE
Note: found 26 marked UTF-8 strings
Flavors: r-devel-linux-x86_64-fedora-clang, r-devel-linux-x86_64-fedora-gcc