CRAN Package Check Results for Package RestRserve

Last updated on 2023-12-07 06:51:54 CET.

Flavor Version Tinstall Tcheck Ttotal Status Flags
r-devel-linux-x86_64-debian-clang 1.2.1 69.32 70.10 139.42 NOTE
r-devel-linux-x86_64-debian-gcc 1.2.1 53.66 54.52 108.18 NOTE
r-devel-linux-x86_64-fedora-clang 1.2.1 205.98 NOTE
r-devel-linux-x86_64-fedora-gcc 1.2.1 218.19 NOTE
r-devel-windows-x86_64 1.2.1 56.00 103.00 159.00 NOTE
r-patched-linux-x86_64 1.2.1 63.93 69.67 133.60 NOTE
r-release-linux-x86_64 1.2.1 65.66 68.17 133.83 NOTE
r-release-macos-arm64 1.2.1 65.00 NOTE
r-release-macos-x86_64 1.2.1 102.00 NOTE
r-release-windows-x86_64 1.2.1 76.00 120.00 196.00 NOTE
r-oldrel-macos-arm64 1.2.1 56.00 NOTE
r-oldrel-macos-x86_64 1.2.1 66.00 NOTE
r-oldrel-windows-x86_64 1.2.1 68.00 111.00 179.00 OK

Check Details

Version: 1.2.1
Check: C++ specification
Result: NOTE Specified C++11: please drop specification unless essential Flavors: r-devel-linux-x86_64-debian-clang, r-devel-linux-x86_64-debian-gcc, r-devel-linux-x86_64-fedora-clang, r-devel-linux-x86_64-fedora-gcc, r-devel-windows-x86_64, r-patched-linux-x86_64, r-release-linux-x86_64, r-release-macos-arm64, r-release-macos-x86_64, r-release-windows-x86_64

Version: 1.2.1
Check: installed package size
Result: NOTE installed size is 6.5Mb sub-directories of 1Mb or more: libs 3.6Mb swagger 1.4Mb Flavors: r-release-macos-arm64, r-release-macos-x86_64, r-oldrel-macos-arm64, r-oldrel-macos-x86_64