Last updated on 2024-04-19 07:56:52 CEST.
Flavor | Version | Tinstall | Tcheck | Ttotal | Status | Flags |
---|---|---|---|---|---|---|
r-devel-linux-x86_64-debian-clang | 5.1.7 | 57.49 | 84.34 | 141.83 | NOTE | |
r-devel-linux-x86_64-debian-gcc | 5.1.7 | NOTE | ||||
r-devel-linux-x86_64-fedora-clang | 5.1.7 | 224.40 | NOTE | |||
r-devel-linux-x86_64-fedora-gcc | 5.1.7 | 198.67 | NOTE | |||
r-prerel-macos-arm64 | 5.1.7 | 49.00 | NOTE | |||
r-prerel-windows-x86_64 | 5.1.7 | 142.00 | 144.00 | 286.00 | NOTE | |
r-patched-linux-x86_64 | 5.1.7 | 53.13 | 81.19 | 134.32 | NOTE | |
r-release-linux-x86_64 | 5.1.7 | 55.51 | 81.02 | 136.53 | NOTE | |
r-release-macos-arm64 | 5.1.7 | 56.00 | NOTE | |||
r-release-macos-x86_64 | 5.1.7 | 62.00 | NOTE | |||
r-release-windows-x86_64 | 5.1.7 | 140.00 | 113.00 | 253.00 | NOTE | |
r-oldrel-macos-arm64 | 5.1.7 | 55.00 | NOTE | |||
r-oldrel-windows-x86_64 | 5.1.7 | 136.00 | 104.00 | 240.00 | NOTE |
Version: 5.1.7
Check: for GNU extensions in Makefiles
Result: NOTE
GNU make is a SystemRequirements.
Flavors: r-devel-linux-x86_64-debian-clang, r-devel-linux-x86_64-debian-gcc, r-devel-linux-x86_64-fedora-clang, r-devel-linux-x86_64-fedora-gcc, r-prerel-macos-arm64, r-prerel-windows-x86_64, r-patched-linux-x86_64, r-release-linux-x86_64, r-release-macos-arm64, r-release-macos-x86_64, r-release-windows-x86_64, r-oldrel-macos-arm64, r-oldrel-windows-x86_64