Last updated on 2024-03-28 07:53:00 CET.
Flavor | Version | Tinstall | Tcheck | Ttotal | Status | Flags |
---|---|---|---|---|---|---|
r-devel-linux-x86_64-debian-clang | 0.6-0 | 48.25 | 178.35 | 226.60 | OK | |
r-devel-linux-x86_64-debian-gcc | 0.6-0 | 37.55 | 136.97 | 174.52 | OK | |
r-devel-linux-x86_64-fedora-clang | 0.6-0 | 267.19 | OK | |||
r-devel-linux-x86_64-fedora-gcc | 0.6-0 | 322.58 | OK | |||
r-devel-windows-x86_64 | 0.6-0 | 39.00 | 186.00 | 225.00 | OK | |
r-patched-linux-x86_64 | 0.6-0 | 41.89 | 186.33 | 228.22 | OK | |
r-release-linux-x86_64 | 0.6-0 | 44.51 | 186.99 | 231.50 | OK | |
r-release-macos-arm64 | 0.6-0 | 101.00 | NOTE | |||
r-release-macos-x86_64 | 0.6-0 | 144.00 | NOTE | |||
r-release-windows-x86_64 | 0.6-0 | 49.00 | 223.00 | 272.00 | OK | |
r-oldrel-macos-arm64 | 0.6-0 | 72.00 | NOTE | |||
r-oldrel-windows-x86_64 | 0.6-0 | 47.00 | 216.00 | 263.00 | OK |
Version: 0.6-0
Check: installed package size
Result: NOTE
installed size is 6.4Mb
sub-directories of 1Mb or more:
libs 5.8Mb
Flavors: r-release-macos-arm64, r-release-macos-x86_64, r-oldrel-macos-arm64