CRAN Package Check Results for Package RcppMeCab

Last updated on 2023-06-03 08:05:53 CEST.

Flavor Version Tinstall Tcheck Ttotal Status Flags
r-devel-linux-x86_64-debian-clang 0.0.1.2 51.67 27.41 79.08 NOTE
r-devel-linux-x86_64-debian-gcc 0.0.1.2 40.25 22.13 62.38 NOTE
r-devel-linux-x86_64-fedora-clang 0.0.1.2 107.61 NOTE
r-devel-linux-x86_64-fedora-gcc 0.0.1.2 116.58 NOTE
r-devel-windows-x86_64 0.0.1.2 45.00 166.00 211.00 NOTE
r-patched-linux-x86_64 0.0.1.2 NOTE
r-release-linux-x86_64 0.0.1.2 48.75 27.55 76.30 NOTE
r-release-macos-arm64 0.0.1.2 32.00 ERROR
r-release-macos-x86_64 0.0.1.2 30.00 ERROR
r-release-windows-x86_64 0.0.1.2 45.00 90.00 135.00 NOTE
r-oldrel-macos-arm64 0.0.1.2 28.00 ERROR
r-oldrel-macos-x86_64 0.0.1.2 37.00 ERROR
r-oldrel-windows-x86_64 0.0.1.2 61.00 80.00 141.00 NOTE

Check Details

Version: 0.0.1.2
Check: C++ specification
Result: NOTE
     Specified C++11: please drop specification unless essential
Flavors: r-devel-linux-x86_64-debian-clang, r-devel-linux-x86_64-debian-gcc, r-devel-linux-x86_64-fedora-clang, r-devel-linux-x86_64-fedora-gcc, r-devel-windows-x86_64, r-patched-linux-x86_64, r-release-linux-x86_64, r-release-windows-x86_64

Version: 0.0.1.2
Check: LazyData
Result: NOTE
     'LazyData' is specified without a 'data' directory
Flavors: r-devel-linux-x86_64-debian-clang, r-devel-linux-x86_64-debian-gcc, r-devel-linux-x86_64-fedora-clang, r-devel-linux-x86_64-fedora-gcc, r-devel-windows-x86_64, r-patched-linux-x86_64, r-release-linux-x86_64, r-release-windows-x86_64, r-oldrel-windows-x86_64

Version: 0.0.1.2
Check: for GNU extensions in Makefiles
Result: NOTE
    GNU make is a SystemRequirements.
Flavors: r-devel-linux-x86_64-debian-clang, r-devel-linux-x86_64-debian-gcc, r-devel-linux-x86_64-fedora-clang, r-devel-linux-x86_64-fedora-gcc, r-devel-windows-x86_64, r-patched-linux-x86_64, r-release-linux-x86_64, r-release-windows-x86_64, r-oldrel-windows-x86_64

Version: 0.0.1.2
Check: whether package can be installed
Result: ERROR
    Installation failed.
Flavors: r-release-macos-arm64, r-release-macos-x86_64, r-oldrel-macos-arm64, r-oldrel-macos-x86_64