Last updated on 2024-04-19 07:56:52 CEST.
Flavor | Version | Tinstall | Tcheck | Ttotal | Status | Flags |
---|---|---|---|---|---|---|
r-devel-linux-x86_64-debian-clang | 0.0.3 | 22.28 | 26.56 | 48.84 | OK | |
r-devel-linux-x86_64-debian-gcc | 0.0.3 | OK | ||||
r-devel-linux-x86_64-fedora-clang | 0.0.3 | 67.90 | NOTE | |||
r-devel-linux-x86_64-fedora-gcc | 0.0.3 | 65.26 | NOTE | |||
r-prerel-macos-arm64 | 0.0.3 | 22.00 | OK | |||
r-patched-linux-x86_64 | 0.0.3 | 20.15 | 25.47 | 45.62 | OK | |
r-release-linux-x86_64 | 0.0.3 | 18.85 | 26.06 | 44.91 | OK | |
r-release-macos-arm64 | 0.0.3 | 23.00 | OK | |||
r-release-macos-x86_64 | 0.0.3 | 34.00 | OK | |||
r-oldrel-macos-arm64 | 0.0.3 | 24.00 | OK |
Version: 0.0.3
Check: top-level files
Result: NOTE
‘configure’: /bin/bash is not portable
Flavors: r-devel-linux-x86_64-fedora-clang, r-devel-linux-x86_64-fedora-gcc