CRAN Package Check Results for Package RcppGetconf

Last updated on 2023-05-31 20:57:18 CEST.

Flavor Version Tinstall Tcheck Ttotal Status Flags
r-devel-linux-x86_64-debian-clang 0.0.3 21.35 26.41 47.76 OK
r-devel-linux-x86_64-debian-gcc 0.0.3 15.86 20.65 36.51 OK
r-devel-linux-x86_64-fedora-clang 0.0.3 64.78 NOTE
r-devel-linux-x86_64-fedora-gcc 0.0.3 67.92 NOTE
r-patched-linux-x86_64 0.0.3 OK
r-release-linux-x86_64 0.0.3 19.93 25.48 45.41 OK
r-release-macos-arm64 0.0.3 23.00 OK
r-release-macos-x86_64 0.0.3 34.00 OK
r-oldrel-macos-arm64 0.0.3 24.00 OK
r-oldrel-macos-x86_64 0.0.3 28.00 OK

Check Details

Version: 0.0.3
Check: top-level files
Result: NOTE
    ‘configure’: /bin/bash is not portable
Flavors: r-devel-linux-x86_64-fedora-clang, r-devel-linux-x86_64-fedora-gcc