CRAN Package Check Results for Package RcppFastFloat

Last updated on 2023-05-28 20:04:07 CEST.

Flavor Version Tinstall Tcheck Ttotal Status Flags
r-devel-linux-x86_64-debian-clang 0.0.4 26.60 27.27 53.87 NOTE
r-devel-linux-x86_64-debian-gcc 0.0.4 16.26 21.38 37.64 NOTE
r-devel-linux-x86_64-fedora-clang 0.0.4 74.54 NOTE
r-devel-linux-x86_64-fedora-gcc 0.0.4 73.24 NOTE
r-devel-windows-x86_64 0.0.4 23.00 71.00 94.00 NOTE
r-patched-linux-x86_64 0.0.4 20.50 26.79 47.29 NOTE
r-release-linux-x86_64 0.0.4 21.93 26.58 48.51 NOTE
r-release-macos-arm64 0.0.4 24.00 NOTE
r-release-macos-x86_64 0.0.4 33.00 NOTE
r-release-windows-x86_64 0.0.4 24.00 79.00 103.00 NOTE
r-oldrel-macos-arm64 0.0.4 27.00 OK
r-oldrel-macos-x86_64 0.0.4 45.00 OK
r-oldrel-windows-x86_64 0.0.4 27.00 75.00 102.00 OK

Check Details

Version: 0.0.4
Check: C++ specification
Result: NOTE
     Specified C++11: please drop specification unless essential
Flavors: r-devel-linux-x86_64-debian-clang, r-devel-linux-x86_64-debian-gcc, r-devel-linux-x86_64-fedora-clang, r-devel-linux-x86_64-fedora-gcc, r-devel-windows-x86_64, r-patched-linux-x86_64, r-release-linux-x86_64, r-release-macos-arm64, r-release-macos-x86_64, r-release-windows-x86_64