Last updated on 2023-06-08 19:54:19 CEST.
Flavor | Version | Tinstall | Tcheck | Ttotal | Status | Flags |
---|---|---|---|---|---|---|
r-devel-linux-x86_64-debian-clang | 0.1.9 | 58.05 | 27.10 | 85.15 | NOTE | |
r-devel-linux-x86_64-debian-gcc | 0.1.9 | 49.90 | 21.30 | 71.20 | NOTE | |
r-devel-linux-x86_64-fedora-clang | 0.1.9 | 144.17 | NOTE | |||
r-devel-linux-x86_64-fedora-gcc | 0.1.9 | 129.69 | NOTE | |||
r-devel-windows-x86_64 | 0.1.9 | 54.00 | 85.00 | 139.00 | OK | |
r-patched-linux-x86_64 | 0.1.9 | 57.53 | 26.80 | 84.33 | NOTE | |
r-release-linux-x86_64 | 0.1.9 | 45.43 | 26.21 | 71.64 | NOTE | |
r-release-macos-arm64 | 0.1.9 | 34.00 | NOTE | |||
r-release-macos-x86_64 | 0.1.9 | 54.00 | NOTE | |||
r-release-windows-x86_64 | 0.1.9 | 63.00 | 90.00 | 153.00 | OK | |
r-oldrel-macos-arm64 | 0.1.9 | 37.00 | OK | |||
r-oldrel-macos-x86_64 | 0.1.9 | 43.00 | OK | |||
r-oldrel-windows-x86_64 | 0.1.9 | 64.00 | 77.00 | 141.00 | OK |
Version: 0.1.9
Check: C++ specification
Result: NOTE
Specified C++11: please drop specification unless essential
Flavors: r-devel-linux-x86_64-debian-clang, r-devel-linux-x86_64-debian-gcc, r-devel-linux-x86_64-fedora-clang, r-devel-linux-x86_64-fedora-gcc, r-patched-linux-x86_64, r-release-linux-x86_64, r-release-macos-arm64, r-release-macos-x86_64