Last updated on 2024-04-19 19:50:24 CEST.
Flavor | Version | Tinstall | Tcheck | Ttotal | Status | Flags |
---|---|---|---|---|---|---|
r-devel-linux-x86_64-debian-clang | 0.1.9 | 70.12 | 28.05 | 98.17 | NOTE | |
r-devel-linux-x86_64-debian-gcc | 0.1.9 | NOTE | ||||
r-devel-linux-x86_64-fedora-clang | 0.1.9 | 147.27 | NOTE | |||
r-devel-linux-x86_64-fedora-gcc | 0.1.9 | 135.20 | NOTE | |||
r-prerel-macos-arm64 | 0.1.9 | 33.00 | NOTE | |||
r-prerel-windows-x86_64 | 0.1.9 | 55.00 | 69.00 | 124.00 | OK | |
r-patched-linux-x86_64 | 0.1.9 | 63.23 | 26.95 | 90.18 | NOTE | |
r-release-linux-x86_64 | 0.1.9 | 65.02 | 26.39 | 91.41 | NOTE | |
r-release-macos-arm64 | 0.1.9 | 34.00 | NOTE | |||
r-release-macos-x86_64 | 0.1.9 | 54.00 | NOTE | |||
r-release-windows-x86_64 | 0.1.9 | 65.00 | 90.00 | 155.00 | OK | |
r-oldrel-macos-arm64 | 0.1.9 | 37.00 | OK | |||
r-oldrel-windows-x86_64 | 0.1.9 | 64.00 | 86.00 | 150.00 | OK |
Version: 0.1.9
Check: C++ specification
Result: NOTE
Specified C++11: please drop specification unless essential
Flavors: r-devel-linux-x86_64-debian-clang, r-devel-linux-x86_64-debian-gcc, r-devel-linux-x86_64-fedora-clang, r-devel-linux-x86_64-fedora-gcc, r-prerel-macos-arm64, r-patched-linux-x86_64, r-release-linux-x86_64, r-release-macos-arm64, r-release-macos-x86_64