CRAN Package Check Results for Package RcppDE

Last updated on 2023-06-01 19:52:42 CEST.

Flavor Version Tinstall Tcheck Ttotal Status Flags
r-devel-linux-x86_64-debian-clang 0.1.7 63.81 47.80 111.61 NOTE
r-devel-linux-x86_64-debian-gcc 0.1.7 47.30 37.89 85.19 NOTE
r-devel-linux-x86_64-fedora-clang 0.1.7 160.47 NOTE
r-devel-linux-x86_64-fedora-gcc 0.1.7 170.82 NOTE
r-devel-windows-x86_64 0.1.7 47.00 165.00 212.00 NOTE
r-patched-linux-x86_64 0.1.7 NOTE
r-release-linux-x86_64 0.1.7 45.17 47.25 92.42 NOTE
r-release-macos-arm64 0.1.7 42.00 NOTE
r-release-macos-x86_64 0.1.7 81.00 NOTE
r-release-windows-x86_64 0.1.7 63.00 107.00 170.00 NOTE
r-oldrel-macos-arm64 0.1.7 44.00 OK
r-oldrel-macos-x86_64 0.1.7 58.00 OK
r-oldrel-windows-x86_64 0.1.7 59.00 101.00 160.00 OK

Check Details

Version: 0.1.7
Check: C++ specification
Result: NOTE
     Specified C++11: please drop specification unless essential
Flavors: r-devel-linux-x86_64-debian-clang, r-devel-linux-x86_64-debian-gcc, r-devel-linux-x86_64-fedora-clang, r-devel-linux-x86_64-fedora-gcc, r-devel-windows-x86_64, r-patched-linux-x86_64, r-release-linux-x86_64, r-release-macos-arm64, r-release-macos-x86_64, r-release-windows-x86_64