Last updated on 2023-06-06 20:09:53 CEST.
Flavor | Version | Tinstall | Tcheck | Ttotal | Status | Flags |
---|---|---|---|---|---|---|
r-devel-linux-x86_64-debian-clang | 0.2.11 | 22.40 | 38.06 | 60.46 | NOTE | |
r-devel-linux-x86_64-debian-gcc | 0.2.11 | 18.69 | 30.25 | 48.94 | NOTE | |
r-devel-linux-x86_64-fedora-clang | 0.2.11 | 91.38 | NOTE | |||
r-devel-linux-x86_64-fedora-gcc | 0.2.11 | 103.20 | NOTE | |||
r-devel-windows-x86_64 | 0.2.11 | 18.00 | 96.00 | 114.00 | NOTE | |
r-patched-linux-x86_64 | 0.2.11 | 23.27 | 37.31 | 60.58 | NOTE | |
r-release-linux-x86_64 | 0.2.11 | 20.17 | 37.00 | 57.17 | NOTE | |
r-release-macos-arm64 | 0.2.11 | 36.00 | NOTE | |||
r-release-macos-x86_64 | 0.2.11 | 55.00 | NOTE | |||
r-release-windows-x86_64 | 0.2.11 | 21.00 | 99.00 | 120.00 | NOTE | |
r-oldrel-macos-arm64 | 0.2.11 | 32.00 | OK | |||
r-oldrel-macos-x86_64 | 0.2.11 | 39.00 | OK | |||
r-oldrel-windows-x86_64 | 0.2.11 | 23.00 | 89.00 | 112.00 | OK |
Version: 0.2.11
Check: C++ specification
Result: NOTE
Specified C++11: please drop specification unless essential
Flavors: r-devel-linux-x86_64-debian-clang, r-devel-linux-x86_64-debian-gcc, r-devel-linux-x86_64-fedora-clang, r-devel-linux-x86_64-fedora-gcc, r-devel-windows-x86_64, r-patched-linux-x86_64, r-release-linux-x86_64, r-release-macos-arm64, r-release-macos-x86_64, r-release-windows-x86_64