Last updated on 2023-11-29 07:52:22 CET.
Flavor | Version | Tinstall | Tcheck | Ttotal | Status | Flags |
---|---|---|---|---|---|---|
r-devel-linux-x86_64-debian-clang | 2.8.2 | 315.72 | 206.37 | 522.09 | WARN | |
r-devel-linux-x86_64-debian-gcc | 2.8.2 | 214.48 | 159.12 | 373.60 | NOTE | |
r-devel-linux-x86_64-fedora-clang | 2.8.2 | 852.25 | WARN | |||
r-devel-linux-x86_64-fedora-gcc | 2.8.2 | 726.71 | OK | |||
r-devel-windows-x86_64 | 2.8.2 | 215.00 | 215.00 | 430.00 | OK | |
r-patched-linux-x86_64 | 2.8.2 | 268.38 | 198.29 | 466.67 | OK | |
r-release-linux-x86_64 | 2.8.2 | 262.50 | 198.22 | 460.72 | OK | |
r-release-macos-arm64 | 2.8.2 | 183.00 | NOTE | |||
r-release-macos-x86_64 | 2.8.2 | 324.00 | NOTE | |||
r-release-windows-x86_64 | 2.8.2 | 239.00 | 278.00 | 517.00 | OK | |
r-oldrel-macos-arm64 | 2.8.2 | 149.00 | NOTE | |||
r-oldrel-macos-x86_64 | 2.8.2 | 256.00 | NOTE | |||
r-oldrel-windows-x86_64 | 2.8.2 | 307.00 | 272.00 | 579.00 | OK |
Version: 2.8.2
Check: whether package can be installed
Result: WARN
Found the following significant warnings:
CnstrntsToRClass.cpp:131:13: warning: format string is not a string literal (potentially insecure) [-Wformat-security]
CnstrntsToRClass.cpp:72:17: warning: format string is not a string literal (potentially insecure) [-Wformat-security]
ComboClass.cpp:11:13: warning: format string is not a string literal (potentially insecure) [-Wformat-security]
ComboClass.cpp:19:13: warning: format string is not a string literal (potentially insecure) [-Wformat-security]
ComboResClass.cpp:217:25: warning: format string is not a string literal (potentially insecure) [-Wformat-security]
ComboResClass.cpp:287:25: warning: format string is not a string literal (potentially insecure) [-Wformat-security]
See ‘/home/hornik/tmp/R.check/r-devel-clang/Work/PKGS/RcppAlgos.Rcheck/00install.out’ for details.
* used C++ compiler: ‘Debian clang version 17.0.5 (1)’
Flavor: r-devel-linux-x86_64-debian-clang
Version: 2.8.2
Check: Rd files
Result: NOTE
checkRd: (-1) NEWS.Rd:217: Lost braces; missing escapes or markup?
217 | \item Added \code{comboGroups}, \code{comboGroupsCount}, and \code{comboGroupsSample}. These functions deal with partitioning a vector/set into groups of equal size. See \href{https://stackoverflow.com/q/57732672/4408538}{Create Combinations in R by Groups}. See the related integer sequences A025035-A025042 at \href{https://oeis.org}{OEIS} (E.g. \href{https://oeis.org/A025036}{A025036} for Number of partitions of { 1, 2, ..., 4n } into sets of size 4.)
| ^
checkRd: (-1) comboGroupsCount.Rd:7: Lost braces; missing escapes or markup?
7 | Calculate the number of partitions of a vector into groups. See the related integer sequences A025035-A025042 at \href{https://oeis.org}{OEIS} (E.g. \href{https://oeis.org/A025036}{A025036} for Number of partitions of { 1, 2, ..., 4n } into sets of size 4.)
| ^
Flavors: r-devel-linux-x86_64-debian-clang, r-devel-linux-x86_64-debian-gcc
Version: 2.8.2
Check: whether package can be installed
Result: WARN
Found the following significant warnings:
CnstrntsToRClass.cpp:131:13: warning: format string is not a string literal (potentially insecure) [-Wformat-security]
CnstrntsToRClass.cpp:72:17: warning: format string is not a string literal (potentially insecure) [-Wformat-security]
ComboClass.cpp:11:13: warning: format string is not a string literal (potentially insecure) [-Wformat-security]
ComboClass.cpp:19:13: warning: format string is not a string literal (potentially insecure) [-Wformat-security]
ComboResClass.cpp:217:25: warning: format string is not a string literal (potentially insecure) [-Wformat-security]
ComboResClass.cpp:287:25: warning: format string is not a string literal (potentially insecure) [-Wformat-security]
See ‘/data/gannet/ripley/R/packages/tests-clang/RcppAlgos.Rcheck/00install.out’ for details.
* used C++ compiler: ‘clang version 17.0.5’
Flavor: r-devel-linux-x86_64-fedora-clang
Version: 2.8.2
Check: installed package size
Result: NOTE
installed size is 19.7Mb
sub-directories of 1Mb or more:
libs 17.8Mb
Flavors: r-release-macos-arm64, r-release-macos-x86_64, r-oldrel-macos-arm64, r-oldrel-macos-x86_64