Last updated on 2023-10-01 08:52:08 CEST.
Flavor | Version | Tinstall | Tcheck | Ttotal | Status | Flags |
---|---|---|---|---|---|---|
r-devel-linux-x86_64-debian-clang | 1.3.0 | 15.20 | 246.77 | 261.97 | OK | |
r-devel-linux-x86_64-debian-gcc | 1.3.0 | 12.52 | 178.06 | 190.58 | OK | |
r-devel-linux-x86_64-fedora-clang | 1.3.0 | 312.80 | NOTE | |||
r-devel-linux-x86_64-fedora-gcc | 1.3.0 | 301.16 | NOTE | |||
r-devel-windows-x86_64 | 1.3.0 | 14.00 | 242.00 | 256.00 | OK | |
r-patched-linux-x86_64 | 1.3.0 | 15.15 | 229.65 | 244.80 | OK | |
r-release-linux-x86_64 | 1.3.0 | 13.47 | 234.36 | 247.83 | OK | |
r-release-macos-arm64 | 1.3.0 | 126.00 | OK | |||
r-release-macos-x86_64 | 1.3.0 | 254.00 | OK | |||
r-release-windows-x86_64 | 1.3.0 | 18.00 | 258.00 | 276.00 | OK | |
r-oldrel-macos-arm64 | 1.3.0 | 115.00 | OK | |||
r-oldrel-macos-x86_64 | 1.3.0 | 150.00 | OK | |||
r-oldrel-windows-x86_64 | 1.3.0 | 20.00 | 249.00 | 269.00 | OK |
Version: 1.3.0
Check: data for non-ASCII characters
Result: NOTE
Note: found 345 marked UTF-8 strings
Flavors: r-devel-linux-x86_64-fedora-clang, r-devel-linux-x86_64-fedora-gcc