Last updated on 2024-03-28 07:53:00 CET.
Flavor | Version | Tinstall | Tcheck | Ttotal | Status | Flags |
---|---|---|---|---|---|---|
r-devel-linux-x86_64-debian-clang | 0.7.10 | 35.63 | 224.20 | 259.83 | NOTE | |
r-devel-linux-x86_64-debian-gcc | 0.7.10 | 26.84 | 166.52 | 193.36 | NOTE | |
r-devel-linux-x86_64-fedora-clang | 0.7.10 | 331.26 | NOTE | |||
r-devel-linux-x86_64-fedora-gcc | 0.7.10 | 346.87 | NOTE | |||
r-devel-windows-x86_64 | 0.7.10 | 30.00 | 216.00 | 246.00 | NOTE | |
r-patched-linux-x86_64 | 0.7.10 | 34.51 | 191.65 | 226.16 | NOTE | |
r-release-linux-x86_64 | 0.7.10 | 25.59 | 194.11 | 219.70 | NOTE | |
r-release-macos-arm64 | 0.7.10 | 86.00 | NOTE | |||
r-release-macos-x86_64 | 0.7.10 | 142.00 | NOTE | |||
r-release-windows-x86_64 | 0.7.10 | 28.00 | 174.00 | 202.00 | NOTE | |
r-oldrel-macos-arm64 | 0.7.10 | 127.00 | NOTE | |||
r-oldrel-windows-x86_64 | 0.7.10 | 31.00 | 177.00 | 208.00 | NOTE |
Version: 0.7.10
Check: package dependencies
Result: NOTE
Package suggested but not available for checking: ‘ROpenOffice’
Flavors: r-devel-linux-x86_64-debian-clang, r-devel-linux-x86_64-debian-gcc, r-devel-linux-x86_64-fedora-clang, r-devel-linux-x86_64-fedora-gcc, r-devel-windows-x86_64, r-patched-linux-x86_64, r-release-linux-x86_64, r-release-macos-arm64, r-release-macos-x86_64, r-release-windows-x86_64, r-oldrel-macos-arm64, r-oldrel-windows-x86_64
Version: 0.7.10
Check: Rd files
Result: NOTE
checkRd: (-1) plotCorpusCa.rd:53: Lost braces in \itemize; meant \describe ?
checkRd: (-1) plotCorpusCa.rd:56: Lost braces in \itemize; meant \describe ?
checkRd: (-1) plotCorpusCa.rd:59: Lost braces in \itemize; meant \describe ?
checkRd: (-1) plotCorpusCa.rd:62: Lost braces in \itemize; meant \describe ?
checkRd: (-1) recodeTimeVarDlg.Rd:11-13: Lost braces in \itemize; meant \describe ?
checkRd: (-1) recodeTimeVarDlg.Rd:14-16: Lost braces in \itemize; meant \describe ?
checkRd: (-1) recodeTimeVarDlg.Rd:17-18: Lost braces in \itemize; meant \describe ?
checkRd: (-1) vocabularyTable.rd:46-47: Lost braces in \itemize; meant \describe ?
checkRd: (-1) vocabularyTable.rd:48-50: Lost braces in \itemize; meant \describe ?
checkRd: (-1) vocabularyTable.rd:55: Lost braces
55 | \seealso{\code{\link{vocabularyDlg}}, code{\link{DocumentTermMatrix}}, \code{\link{table}}, }
| ^
Flavors: r-devel-linux-x86_64-debian-clang, r-devel-linux-x86_64-debian-gcc, r-devel-linux-x86_64-fedora-clang, r-devel-linux-x86_64-fedora-gcc, r-devel-windows-x86_64