CRAN Package Check Results for Package Rcan

Last updated on 2023-10-01 08:52:08 CEST.

Flavor Version Tinstall Tcheck Ttotal Status Flags
r-devel-linux-x86_64-debian-clang 1.3.82 9.81 135.15 144.96 OK
r-devel-linux-x86_64-debian-gcc 1.3.82 7.18 96.69 103.87 OK
r-devel-linux-x86_64-fedora-clang 1.3.82 156.96 NOTE
r-devel-linux-x86_64-fedora-gcc 1.3.82 159.99 NOTE
r-devel-windows-x86_64 1.3.82 9.00 119.00 128.00 OK
r-patched-linux-x86_64 1.3.82 8.99 116.15 125.14 OK
r-release-linux-x86_64 1.3.82 9.40 117.22 126.62 OK
r-release-macos-arm64 1.3.82 45.00 OK
r-release-macos-x86_64 1.3.82 71.00 OK
r-release-windows-x86_64 1.3.82 12.00 125.00 137.00 OK
r-oldrel-macos-arm64 1.3.82 40.00 NOTE
r-oldrel-macos-x86_64 1.3.82 79.00 NOTE
r-oldrel-windows-x86_64 1.3.82 11.00 131.00 142.00 OK

Check Details

Version: 1.3.82
Check: data for non-ASCII characters
Result: NOTE
     Note: found 26334 marked UTF-8 strings
Flavors: r-devel-linux-x86_64-fedora-clang, r-devel-linux-x86_64-fedora-gcc, r-oldrel-macos-arm64, r-oldrel-macos-x86_64