Last updated on 2023-06-10 08:53:24 CEST.
Flavor | Version | Tinstall | Tcheck | Ttotal | Status | Flags |
---|---|---|---|---|---|---|
r-devel-linux-x86_64-debian-clang | 0.3-2 | 212.52 | 41.31 | 253.83 | NOTE | |
r-devel-linux-x86_64-debian-gcc | 0.3-2 | 172.04 | 32.04 | 204.08 | NOTE | |
r-devel-linux-x86_64-fedora-clang | 0.3-2 | 476.90 | NOTE | |||
r-devel-linux-x86_64-fedora-gcc | 0.3-2 | 411.54 | NOTE | |||
r-devel-windows-x86_64 | 0.3-2 | 151.00 | 92.00 | 243.00 | NOTE | |
r-patched-linux-x86_64 | 0.3-2 | 179.22 | 39.45 | 218.67 | NOTE | |
r-release-linux-x86_64 | 0.3-2 | 186.58 | 39.57 | 226.15 | NOTE | |
r-release-macos-arm64 | 0.3-2 | 106.00 | NOTE | |||
r-release-macos-x86_64 | 0.3-2 | 174.00 | NOTE | |||
r-release-windows-x86_64 | 0.3-2 | 172.00 | 95.00 | 267.00 | NOTE | |
r-oldrel-macos-arm64 | 0.3-2 | 93.00 | NOTE | |||
r-oldrel-macos-x86_64 | 0.3-2 | 140.00 | NOTE | |||
r-oldrel-windows-x86_64 | 0.3-2 | 209.00 | 91.00 | 300.00 | OK |
Version: 0.3-2
Check: C++ specification
Result: NOTE
Specified C++14: please drop specification unless essential
Flavors: r-devel-linux-x86_64-debian-clang, r-devel-linux-x86_64-debian-gcc, r-devel-linux-x86_64-fedora-clang, r-devel-linux-x86_64-fedora-gcc, r-devel-windows-x86_64, r-patched-linux-x86_64, r-release-linux-x86_64, r-release-macos-arm64, r-release-macos-x86_64, r-release-windows-x86_64
Version: 0.3-2
Check: installed package size
Result: NOTE
installed size is 13.2Mb
sub-directories of 1Mb or more:
libs 13.0Mb
Flavors: r-release-macos-arm64, r-release-macos-x86_64, r-oldrel-macos-arm64, r-oldrel-macos-x86_64