Last updated on 2023-11-30 07:52:46 CET.
Flavor | Version | Tinstall | Tcheck | Ttotal | Status | Flags |
---|---|---|---|---|---|---|
r-devel-linux-x86_64-debian-clang | 0.2.0 | 3.77 | 27.07 | 30.84 | OK | |
r-devel-linux-x86_64-debian-gcc | 0.2.0 | 2.66 | 21.59 | 24.25 | OK | |
r-devel-linux-x86_64-fedora-clang | 0.2.0 | 38.76 | NOTE | |||
r-devel-linux-x86_64-fedora-gcc | 0.2.0 | 36.83 | NOTE | |||
r-devel-windows-x86_64 | 0.2.0 | 4.00 | 44.00 | 48.00 | OK | |
r-patched-linux-x86_64 | 0.2.0 | 2.24 | 27.09 | 29.33 | OK | |
r-release-linux-x86_64 | 0.2.0 | 2.01 | 27.33 | 29.34 | OK | |
r-release-macos-arm64 | 0.2.0 | 19.00 | OK | |||
r-release-macos-x86_64 | 0.2.0 | 24.00 | OK | |||
r-release-windows-x86_64 | 0.2.0 | 6.00 | 44.00 | 50.00 | OK | |
r-oldrel-macos-arm64 | 0.2.0 | 17.00 | NOTE | |||
r-oldrel-macos-x86_64 | 0.2.0 | 23.00 | NOTE | |||
r-oldrel-windows-x86_64 | 0.2.0 | 5.00 | 49.00 | 54.00 | OK |
Version: 0.2.0
Check: dependencies in R code
Result: NOTE
Namespace in Imports field not imported from: ‘knitr’
All declared Imports should be used.
Flavors: r-devel-linux-x86_64-fedora-clang, r-devel-linux-x86_64-fedora-gcc, r-oldrel-macos-arm64, r-oldrel-macos-x86_64