Last updated on 2023-06-07 20:04:50 CEST.
Flavor | Version | Tinstall | Tcheck | Ttotal | Status | Flags |
---|---|---|---|---|---|---|
r-devel-linux-x86_64-debian-clang | 3.0.0 | 27.44 | 439.39 | 466.83 | OK | |
r-devel-linux-x86_64-debian-gcc | 3.0.0 | 20.92 | 319.16 | 340.08 | OK | |
r-devel-linux-x86_64-fedora-clang | 3.0.0 | 578.47 | OK | |||
r-devel-linux-x86_64-fedora-gcc | 3.0.0 | 548.95 | OK | |||
r-devel-windows-x86_64 | 3.0.0 | 23.00 | 276.00 | 299.00 | OK | |
r-patched-linux-x86_64 | 3.0.0 | 24.80 | 420.51 | 445.31 | OK | |
r-release-linux-x86_64 | 3.0.0 | 18.14 | 423.82 | 441.96 | OK | |
r-release-macos-arm64 | 3.0.0 | 121.00 | OK | |||
r-release-macos-x86_64 | 3.0.0 | 217.00 | NOTE | |||
r-release-windows-x86_64 | 3.0.0 | 30.00 | 340.00 | 370.00 | OK | |
r-oldrel-macos-arm64 | 3.0.0 | 107.00 | OK | |||
r-oldrel-macos-x86_64 | 3.0.0 | 198.00 | OK | |||
r-oldrel-windows-x86_64 | 3.0.0 | 33.00 | 344.00 | 377.00 | OK |
Version: 3.0.0
Check: installed package size
Result: NOTE
installed size is 5.2Mb
sub-directories of 1Mb or more:
data 4.5Mb
Flavor: r-release-macos-x86_64