Last updated on 2024-04-23 19:50:55 CEST.
Flavor | Version | Tinstall | Tcheck | Ttotal | Status | Flags |
---|---|---|---|---|---|---|
r-devel-linux-x86_64-debian-clang | 1.4.0 | 7.71 | 196.80 | 204.51 | OK | |
r-devel-linux-x86_64-debian-gcc | 1.4.0 | 4.72 | 152.29 | 157.01 | OK | |
r-devel-linux-x86_64-fedora-clang | 1.4.0 | 277.04 | OK | |||
r-devel-linux-x86_64-fedora-gcc | 1.4.0 | 304.71 | OK | |||
r-prerel-macos-arm64 | 1.4.0 | 74.00 | OK | |||
r-prerel-macos-x86_64 | 1.4.0 | 220.00 | OK | |||
r-prerel-windows-x86_64 | 1.4.0 | 7.00 | 185.00 | 192.00 | OK | |
r-patched-linux-x86_64 | 1.4.0 | 7.40 | 196.44 | 203.84 | OK | |
r-release-linux-x86_64 | 1.4.0 | 4.93 | 190.61 | 195.54 | OK | |
r-release-macos-arm64 | 1.4.0 | 83.00 | NOTE | |||
r-release-macos-x86_64 | 1.4.0 | 210.00 | NOTE | |||
r-release-windows-x86_64 | 1.4.0 | 9.00 | 217.00 | 226.00 | OK | |
r-oldrel-macos-arm64 | 1.4.0 | 80.00 | NOTE | |||
r-oldrel-windows-x86_64 | 1.4.0 | 9.00 | 224.00 | 233.00 | OK |
Version: 1.4.0
Check: package dependencies
Result: NOTE
Package suggested but not available for checking: ‘Spectra’
Flavors: r-release-macos-arm64, r-release-macos-x86_64, r-oldrel-macos-arm64