CRAN Package Check Results for Package RZigZag

Last updated on 2024-06-24 08:50:07 CEST.

Flavor Version Tinstall Tcheck Ttotal Status Flags
r-devel-linux-x86_64-debian-clang 0.2.1 118.78 30.22 149.00 NOTE
r-devel-linux-x86_64-debian-gcc 0.2.1 81.28 25.77 107.05 NOTE
r-devel-linux-x86_64-fedora-clang 0.2.1 216.79 NOTE
r-devel-linux-x86_64-fedora-gcc 0.2.1 225.55 NOTE
r-devel-windows-x86_64 0.2.1 88.00 66.00 154.00 NOTE
r-patched-linux-x86_64 0.2.1 100.24 32.04 132.28 NOTE
r-release-linux-x86_64 0.2.1 107.07 31.53 138.60 NOTE
r-release-macos-arm64 0.2.1 42.00 NOTE
r-release-macos-x86_64 0.2.1 48.00 NOTE
r-release-windows-x86_64 0.2.1 87.00 67.00 154.00 NOTE
r-oldrel-macos-arm64 0.2.1 65.00 NOTE
r-oldrel-macos-x86_64 0.2.1 84.00 NOTE
r-oldrel-windows-x86_64 0.2.1 107.00 76.00 183.00 OK

Check Details

Version: 0.2.1
Check: Rd files
Result: NOTE checkRd: (-1) ZigZagLogistic.Rd:11: Lost braces; missing escapes or markup? 11 | \item{dataX}{Design matrix containing observations of the independent variables x. The i-th row represents the i-th observation with components x_{i,1}, ..., x_{i,d}.} | ^ checkRd: (-1) ZigZagLogistic.Rd:11: Lost braces; missing escapes or markup? 11 | \item{dataX}{Design matrix containing observations of the independent variables x. The i-th row represents the i-th observation with components x_{i,1}, ..., x_{i,d}.} | ^ checkRd: (-1) ZigZagLogistic.Rd:13: Lost braces; missing escapes or markup? 13 | \item{dataY}{Vector of length n containing {0, 1}-valued observations of the dependent variable y.} | ^ Flavors: r-devel-linux-x86_64-debian-clang, r-devel-linux-x86_64-debian-gcc, r-devel-linux-x86_64-fedora-clang, r-devel-linux-x86_64-fedora-gcc, r-devel-windows-x86_64, r-patched-linux-x86_64, r-release-linux-x86_64, r-release-macos-arm64, r-release-macos-x86_64, r-release-windows-x86_64

Version: 0.2.1
Check: installed package size
Result: NOTE installed size is 15.5Mb sub-directories of 1Mb or more: libs 15.4Mb Flavors: r-release-macos-arm64, r-release-macos-x86_64, r-oldrel-macos-arm64, r-oldrel-macos-x86_64