Last updated on 2023-05-31 20:57:20 CEST.
Flavor | Version | Tinstall | Tcheck | Ttotal | Status | Flags |
---|---|---|---|---|---|---|
r-devel-linux-x86_64-debian-clang | 0.2.1 | 112.96 | 28.78 | 141.74 | OK | |
r-devel-linux-x86_64-debian-gcc | 0.2.1 | 86.73 | 24.28 | 111.01 | OK | |
r-devel-linux-x86_64-fedora-clang | 0.2.1 | 205.22 | OK | |||
r-devel-linux-x86_64-fedora-gcc | 0.2.1 | 218.76 | OK | |||
r-devel-windows-x86_64 | 0.2.1 | 86.00 | 66.00 | 152.00 | OK | |
r-patched-linux-x86_64 | 0.2.1 | OK | ||||
r-release-linux-x86_64 | 0.2.1 | 89.81 | 30.05 | 119.86 | OK | |
r-release-macos-arm64 | 0.2.1 | 65.00 | NOTE | |||
r-release-macos-x86_64 | 0.2.1 | 84.00 | NOTE | |||
r-release-windows-x86_64 | 0.2.1 | 115.00 | 73.00 | 188.00 | OK | |
r-oldrel-macos-arm64 | 0.2.1 | 48.00 | NOTE | |||
r-oldrel-macos-x86_64 | 0.2.1 | 60.00 | NOTE | |||
r-oldrel-windows-x86_64 | 0.2.1 | 103.00 | 72.00 | 175.00 | OK |
Version: 0.2.1
Check: installed package size
Result: NOTE
installed size is 16.1Mb
sub-directories of 1Mb or more:
libs 16.0Mb
Flavors: r-release-macos-arm64, r-release-macos-x86_64, r-oldrel-macos-arm64, r-oldrel-macos-x86_64