Last updated on 2023-10-01 08:52:10 CEST.
Flavor | Version | Tinstall | Tcheck | Ttotal | Status | Flags |
---|---|---|---|---|---|---|
r-devel-linux-x86_64-debian-clang | 0.4-46 | 9.06 | 112.39 | 121.45 | OK | |
r-devel-linux-x86_64-debian-gcc | 0.4-46 | 8.63 | 83.34 | 91.97 | OK | |
r-devel-linux-x86_64-fedora-clang | 0.4-46 | 160.75 | OK | |||
r-devel-linux-x86_64-fedora-gcc | 0.4-46 | 181.90 | OK | |||
r-devel-windows-x86_64 | 0.4-46 | 9.00 | 111.00 | 120.00 | OK | |
r-patched-linux-x86_64 | 0.4-46 | 11.13 | 108.85 | 119.98 | OK | |
r-release-linux-x86_64 | 0.4-46 | 10.36 | 109.70 | 120.06 | OK | |
r-release-macos-arm64 | 0.4-46 | 58.00 | OK | |||
r-release-macos-x86_64 | 0.4-46 | 78.00 | NOTE | |||
r-release-windows-x86_64 | 0.4-46 | 9.00 | 121.00 | 130.00 | OK | |
r-oldrel-macos-arm64 | 0.4-46 | 51.00 | OK | |||
r-oldrel-macos-x86_64 | 0.4-46 | 64.00 | OK | |||
r-oldrel-windows-x86_64 | 0.4-46 | 12.00 | 120.00 | 132.00 | OK |
Version: 0.4-46
Check: package dependencies
Result: NOTE
Package suggested but not available for checking: ‘partykit’
Flavor: r-release-macos-x86_64
Version: 0.4-46
Check: Rd cross-references
Result: NOTE
Package unavailable to check Rd xrefs: ‘partykit’
Flavor: r-release-macos-x86_64