Last updated on 2023-09-25 08:02:38 CEST.
Flavor | Version | Tinstall | Tcheck | Ttotal | Status | Flags |
---|---|---|---|---|---|---|
r-devel-linux-x86_64-debian-clang | 1.1.0 | 4.87 | 60.08 | 64.95 | NOTE | |
r-devel-linux-x86_64-debian-gcc | 1.1.0 | 3.61 | 44.61 | 48.22 | NOTE | |
r-devel-linux-x86_64-fedora-clang | 1.1.0 | 78.29 | NOTE | |||
r-devel-linux-x86_64-fedora-gcc | 1.1.0 | 93.47 | NOTE | |||
r-devel-windows-x86_64 | 1.1.0 | 6.00 | 67.00 | 73.00 | NOTE | |
r-patched-linux-x86_64 | 1.1.0 | 4.91 | 57.32 | 62.23 | NOTE | |
r-release-linux-x86_64 | 1.1.0 | 3.40 | 57.09 | 60.49 | NOTE | |
r-release-macos-arm64 | 1.1.0 | 32.00 | NOTE | |||
r-release-macos-x86_64 | 1.1.0 | 48.00 | NOTE | |||
r-release-windows-x86_64 | 1.1.0 | 7.00 | 73.00 | 80.00 | NOTE | |
r-oldrel-macos-arm64 | 1.1.0 | 27.00 | NOTE | |||
r-oldrel-macos-x86_64 | 1.1.0 | 58.00 | NOTE | |||
r-oldrel-windows-x86_64 | 1.1.0 | 7.00 | 75.00 | 82.00 | NOTE |
Version: 1.1.0
Check: LazyData
Result: NOTE
'LazyData' is specified without a 'data' directory
Flavors: r-devel-linux-x86_64-debian-clang, r-devel-linux-x86_64-debian-gcc, r-devel-linux-x86_64-fedora-clang, r-devel-linux-x86_64-fedora-gcc, r-devel-windows-x86_64, r-patched-linux-x86_64, r-release-linux-x86_64, r-release-macos-arm64, r-release-macos-x86_64, r-release-windows-x86_64, r-oldrel-macos-arm64, r-oldrel-macos-x86_64, r-oldrel-windows-x86_64