CRAN Package Check Results for Package RTextTools

Last updated on 2023-09-25 08:02:38 CEST.

Flavor Version Tinstall Tcheck Ttotal Status Flags
r-devel-linux-x86_64-debian-clang 1.4.3 15.75 129.31 145.06 OK
r-devel-linux-x86_64-debian-gcc 1.4.3 12.70 100.11 112.81 OK
r-devel-linux-x86_64-fedora-clang 1.4.3 174.45 NOTE
r-devel-linux-x86_64-fedora-gcc 1.4.3 183.23 NOTE
r-devel-windows-x86_64 1.4.3 20.00 118.00 138.00 OK
r-patched-linux-x86_64 1.4.3 14.22 121.80 136.02 OK
r-release-linux-x86_64 1.4.3 15.10 122.53 137.63 OK
r-release-macos-arm64 1.4.3 61.00 OK
r-release-macos-x86_64 1.4.3 90.00 OK
r-release-windows-x86_64 1.4.3 25.00 141.00 166.00 OK
r-oldrel-macos-arm64 1.4.3 51.00 OK
r-oldrel-macos-x86_64 1.4.3 86.00 OK
r-oldrel-windows-x86_64 1.4.3 24.00 147.00 171.00 OK

Check Details

Version: 1.4.3
Check: compiled code
Result: NOTE
    File ‘RTextTools/libs/RTextTools.so’:
     Found no calls to: ‘R_registerRoutines’, ‘R_useDynamicSymbols’
    
    It is good practice to register native routines and to disable symbol
    search.
    
    See ‘Writing portable packages’ in the ‘Writing R Extensions’ manual.
Flavors: r-devel-linux-x86_64-fedora-clang, r-devel-linux-x86_64-fedora-gcc