CRAN Package Check Results for Package RTTWebClient

Last updated on 2023-12-02 07:50:34 CET.

Flavor Version Tinstall Tcheck Ttotal Status Flags
r-devel-linux-x86_64-debian-clang 0.1.3 4.33 36.16 40.49 NOTE
r-devel-linux-x86_64-debian-gcc 0.1.3 3.55 27.27 30.82 NOTE
r-devel-linux-x86_64-fedora-clang 0.1.3 49.77 NOTE
r-devel-linux-x86_64-fedora-gcc 0.1.3 59.54 NOTE
r-devel-windows-x86_64 0.1.3 5.00 49.00 54.00 NOTE
r-patched-linux-x86_64 0.1.3 3.79 34.08 37.87 NOTE
r-release-linux-x86_64 0.1.3 4.62 34.17 38.79 NOTE
r-release-macos-arm64 0.1.3 39.00 NOTE
r-release-macos-x86_64 0.1.3 35.00 NOTE
r-release-windows-x86_64 0.1.3 7.00 52.00 59.00 NOTE
r-oldrel-macos-arm64 0.1.3 19.00 OK
r-oldrel-macos-x86_64 0.1.3 29.00 OK
r-oldrel-windows-x86_64 0.1.3 8.00 55.00 63.00 OK

Check Details

Version: 0.1.3
Check: package subdirectories
Result: NOTE Problems with news in ‘NEWS.md’: No news entries found. Flavors: r-devel-linux-x86_64-debian-clang, r-devel-linux-x86_64-debian-gcc, r-devel-linux-x86_64-fedora-clang, r-devel-linux-x86_64-fedora-gcc, r-devel-windows-x86_64, r-patched-linux-x86_64, r-release-linux-x86_64, r-release-macos-arm64, r-release-macos-x86_64, r-release-windows-x86_64