Last updated on 2023-05-29 20:00:34 CEST.
Flavor | Version | Tinstall | Tcheck | Ttotal | Status | Flags |
---|---|---|---|---|---|---|
r-devel-linux-x86_64-debian-clang | 1.3.14.1 | 335.59 | 297.81 | 633.40 | OK | |
r-devel-linux-x86_64-debian-gcc | 1.3.14.1 | 283.61 | 225.59 | 509.20 | OK | |
r-devel-linux-x86_64-fedora-clang | 1.3.14.1 | 1269.64 | OK | |||
r-devel-linux-x86_64-fedora-gcc | 1.3.14.1 | 897.97 | OK | |||
r-devel-windows-x86_64 | 1.3.14.1 | 355.00 | 251.00 | 606.00 | OK | |
r-patched-linux-x86_64 | 1.3.14.1 | 297.80 | 286.66 | 584.46 | OK | |
r-release-linux-x86_64 | 1.3.14.1 | 307.34 | 291.88 | 599.22 | OK | |
r-release-macos-arm64 | 1.3.14.1 | 241.00 | NOTE | |||
r-release-macos-x86_64 | 1.3.14.1 | 411.00 | NOTE | |||
r-release-windows-x86_64 | 1.3.14.1 | 431.00 | 325.00 | 756.00 | OK | |
r-oldrel-macos-arm64 | 1.3.14.1 | 213.00 | NOTE | |||
r-oldrel-macos-x86_64 | 1.3.14.1 | 87.00 | ERROR | |||
r-oldrel-windows-x86_64 | 1.3.14.1 | 387.00 | 290.00 | 677.00 | OK |
Version: 1.3.14.1
Check: installed package size
Result: NOTE
installed size is 31.8Mb
sub-directories of 1Mb or more:
R 2.0Mb
libs 28.9Mb
Flavors: r-release-macos-arm64, r-release-macos-x86_64, r-oldrel-macos-arm64
Version: 1.3.14.1
Check: whether package can be installed
Result: ERROR
Installation failed.
Flavor: r-oldrel-macos-x86_64