Last updated on 2023-10-03 08:05:02 CEST.
Flavor | Version | Tinstall | Tcheck | Ttotal | Status | Flags |
---|---|---|---|---|---|---|
r-devel-linux-x86_64-debian-clang | 2.3.1 | 172.99 | 82.72 | 255.71 | OK | |
r-devel-linux-x86_64-debian-gcc | 2.3.1 | 160.53 | 62.98 | 223.51 | OK | |
r-devel-linux-x86_64-fedora-clang | 2.3.1 | 330.03 | OK | |||
r-devel-linux-x86_64-fedora-gcc | 2.3.1 | 420.85 | OK | |||
r-devel-windows-x86_64 | 2.3.1 | 166.00 | 114.00 | 280.00 | OK | |
r-patched-linux-x86_64 | 2.3.1 | 186.74 | 80.33 | 267.07 | OK | |
r-release-linux-x86_64 | 2.3.1 | 178.57 | 79.22 | 257.79 | OK | |
r-release-macos-arm64 | 2.3.1 | 110.00 | NOTE | |||
r-release-macos-x86_64 | 2.3.1 | 178.00 | NOTE | |||
r-release-windows-x86_64 | 2.3.1 | 204.00 | 137.00 | 341.00 | OK | |
r-oldrel-macos-arm64 | 2.3.1 | 107.00 | NOTE | |||
r-oldrel-macos-x86_64 | 2.3.1 | 134.00 | NOTE | |||
r-oldrel-windows-x86_64 | 2.3.1 | 5.00 | 9.00 | 14.00 | ERROR |
Version: 2.3.1
Check: installed package size
Result: NOTE
installed size is 12.1Mb
sub-directories of 1Mb or more:
libs 11.4Mb
Flavors: r-release-macos-arm64, r-release-macos-x86_64, r-oldrel-macos-arm64, r-oldrel-macos-x86_64
Version: 2.3.1
Check: whether package can be installed
Result: ERROR
Installation failed.
Flavor: r-oldrel-windows-x86_64