Last updated on 2024-03-28 19:48:44 CET.
Flavor | Version | Tinstall | Tcheck | Ttotal | Status | Flags |
---|---|---|---|---|---|---|
r-devel-linux-x86_64-debian-clang | 0.4 | 39.12 | 294.54 | 333.66 | OK | |
r-devel-linux-x86_64-debian-gcc | 0.4 | 30.24 | 222.94 | 253.18 | OK | |
r-devel-linux-x86_64-fedora-clang | 0.4 | 456.05 | NOTE | |||
r-devel-linux-x86_64-fedora-gcc | 0.4 | 455.86 | OK | |||
r-devel-windows-x86_64 | 0.4 | 33.00 | 196.00 | 229.00 | OK | |
r-patched-linux-x86_64 | 0.4 | 37.46 | 289.90 | 327.36 | OK | |
r-release-linux-x86_64 | 0.4 | 34.72 | 290.28 | 325.00 | OK | |
r-release-macos-arm64 | 0.4 | 117.00 | OK | |||
r-release-macos-x86_64 | 0.4 | 153.00 | OK | |||
r-release-windows-x86_64 | 0.4 | 42.00 | 254.00 | 296.00 | OK | |
r-oldrel-macos-arm64 | 0.4 | 103.00 | OK | |||
r-oldrel-windows-x86_64 | 0.4 | 44.00 | 259.00 | 303.00 | OK |
Version: 0.4
Check: package dependencies
Result: NOTE
Imports includes 28 non-default packages.
Importing from so many packages makes the package vulnerable to any of
them becoming unavailable. Move as many as possible to Suggests and
use conditionally.
Flavor: r-devel-linux-x86_64-fedora-clang