Last updated on 2023-10-01 08:52:09 CEST.
Flavor | Version | Tinstall | Tcheck | Ttotal | Status | Flags |
---|---|---|---|---|---|---|
r-devel-linux-x86_64-debian-clang | 0.4 | 38.46 | 300.90 | 339.36 | OK | |
r-devel-linux-x86_64-debian-gcc | 0.4 | 30.00 | 223.62 | 253.62 | OK | |
r-devel-linux-x86_64-fedora-clang | 0.4 | 448.51 | NOTE | |||
r-devel-linux-x86_64-fedora-gcc | 0.4 | 453.05 | OK | |||
r-devel-windows-x86_64 | 0.4 | 34.00 | 202.00 | 236.00 | OK | |
r-patched-linux-x86_64 | 0.4 | 34.99 | 285.37 | 320.36 | OK | |
r-release-linux-x86_64 | 0.4 | 34.89 | 289.48 | 324.37 | OK | |
r-release-macos-arm64 | 0.4 | 117.00 | OK | |||
r-release-macos-x86_64 | 0.4 | 153.00 | OK | |||
r-release-windows-x86_64 | 0.4 | 41.00 | 249.00 | 290.00 | OK | |
r-oldrel-macos-arm64 | 0.4 | 103.00 | OK | |||
r-oldrel-macos-x86_64 | 0.4 | 150.00 | OK | |||
r-oldrel-windows-x86_64 | 0.4 | 44.00 | 255.00 | 299.00 | OK |
Version: 0.4
Check: package dependencies
Result: NOTE
Imports includes 28 non-default packages.
Importing from so many packages makes the package vulnerable to any of
them becoming unavailable. Move as many as possible to Suggests and
use conditionally.
Flavor: r-devel-linux-x86_64-fedora-clang