Last updated on 2024-04-23 07:51:18 CEST.
Flavor | Version | Tinstall | Tcheck | Ttotal | Status | Flags |
---|---|---|---|---|---|---|
r-devel-linux-x86_64-debian-clang | 0.4.21 | 728.35 | 2.48 | 730.83 | ERROR | |
r-devel-linux-x86_64-debian-gcc | 0.4.21 | 792.06 | 44.00 | 836.06 | OK | |
r-devel-linux-x86_64-fedora-gcc | 0.4.21 | 1665.94 | OK | |||
r-prerel-macos-arm64 | 0.4.21 | 175.00 | WARN | |||
r-prerel-macos-x86_64 | 0.4.21 | 259.00 | NOTE | |||
r-prerel-windows-x86_64 | 0.4.21 | 815.00 | 120.00 | 935.00 | NOTE | |
r-patched-linux-x86_64 | 0.4.21 | 969.82 | 56.76 | 1026.58 | OK | |
r-release-linux-x86_64 | 0.4.21 | 949.34 | 57.07 | 1006.41 | OK | |
r-release-macos-arm64 | 0.4.21 | 218.00 | WARN | |||
r-release-macos-x86_64 | 0.4.21 | 283.00 | NOTE | |||
r-release-windows-x86_64 | 0.4.21 | 1049.00 | 142.00 | 1191.00 | NOTE | |
r-oldrel-macos-arm64 | 0.4.21 | 209.00 | WARN | |||
r-oldrel-windows-x86_64 | 0.4.21 | 1058.00 | 164.00 | 1222.00 | NOTE |
Version: 0.4.21
Check: whether package can be installed
Result: ERROR
Installation failed.
Flavor: r-devel-linux-x86_64-debian-clang
Version: 0.4.21
Check: whether package can be installed
Result: WARN
Found the following significant warnings:
/opt/R/arm64/include/boost/math/tools/config.hpp:23:6: warning: "The minimum language standard to use Boost.Math will be C++14 starting in July 2023 (Boost 1.82 release)" [-W#warnings]
# warning "The minimum language standard to use Boost.Math will be C++14 starting in July 2023 (Boost 1.82 release)"
See ‘/Volumes/Builds/packages/big-sur-arm64/results/4.4/RQuantLib.Rcheck/00install.out’ for details.
* used C++ compiler: ‘Apple clang version 14.0.0 (clang-1400.0.29.202)’
* used SDK: ‘MacOSX11.3.sdk’
Flavor: r-prerel-macos-arm64
Version: 0.4.21
Check: installed package size
Result: NOTE
installed size is 103.3Mb
sub-directories of 1Mb or more:
libs 102.7Mb
Flavors: r-prerel-macos-arm64, r-prerel-macos-x86_64, r-prerel-windows-x86_64, r-release-macos-arm64, r-release-macos-x86_64, r-release-windows-x86_64, r-oldrel-macos-arm64, r-oldrel-windows-x86_64
Version: 0.4.21
Check: whether package can be installed
Result: WARN
Found the following significant warnings:
/opt/R/arm64/include/boost/math/tools/config.hpp:23:6: warning: "The minimum language standard to use Boost.Math will be C++14 starting in July 2023 (Boost 1.82 release)" [-W#warnings]
# warning "The minimum language standard to use Boost.Math will be C++14 starting in July 2023 (Boost 1.82 release)"
See ‘/Volumes/Builds/packages/big-sur-arm64/results/4.3/RQuantLib.Rcheck/00install.out’ for details.
* used C++ compiler: ‘Apple clang version 14.0.0 (clang-1400.0.29.202)’
* used SDK: ‘MacOSX11.3.sdk’
Flavor: r-release-macos-arm64
Version: 0.4.21
Check: whether package can be installed
Result: WARN
Found the following significant warnings:
/opt/R/arm64/include/boost/math/tools/config.hpp:23:6: warning: "The minimum language standard to use Boost.Math will be C++14 starting in July 2023 (Boost 1.82 release)" [-W#warnings]
# warning "The minimum language standard to use Boost.Math will be C++14 starting in July 2023 (Boost 1.82 release)"
Flavor: r-oldrel-macos-arm64